Last updated on 2025-07-16 05:49:25 CEST.
Flavor | Version | Tinstall | Tcheck | Ttotal | Status | Flags |
---|---|---|---|---|---|---|
r-devel-linux-x86_64-debian-clang | 1.0.0 | 68.98 | 508.75 | 577.73 | OK | |
r-devel-linux-x86_64-debian-gcc | 1.0.0 | 49.79 | 363.34 | 413.13 | OK | |
r-devel-linux-x86_64-fedora-clang | 1.0.0 | 937.17 | OK | |||
r-devel-linux-x86_64-fedora-gcc | 1.0.0 | 891.57 | OK | |||
r-devel-windows-x86_64 | 1.0.0 | 69.00 | 411.00 | 480.00 | OK | |
r-patched-linux-x86_64 | 1.0.0 | 64.91 | 483.46 | 548.37 | OK | |
r-release-linux-x86_64 | 1.0.0 | 68.23 | 483.39 | 551.62 | OK | |
r-release-macos-arm64 | 1.0.0 | 6.00 | ERROR | |||
r-release-macos-x86_64 | 1.0.0 | 7.00 | ERROR | |||
r-release-windows-x86_64 | 1.0.0 | 71.00 | 415.00 | 486.00 | OK | |
r-oldrel-macos-arm64 | 1.0.0 | 10.00 | ERROR | |||
r-oldrel-macos-x86_64 | 1.0.0 | 11.00 | ERROR | |||
r-oldrel-windows-x86_64 | 1.0.0 | 95.00 | 554.00 | 649.00 | OK |
Version: 1.0.0
Check: package dependencies
Result: ERROR
Packages required but not available: 'HTSFilter', 'Rfastp', 'Rsubread'
See section ‘The DESCRIPTION file’ in the ‘Writing R Extensions’
manual.
Flavors: r-release-macos-arm64, r-release-macos-x86_64
Version: 1.0.0
Check: package dependencies
Result: ERROR
Packages required but not available: 'Rfastp', 'Rsubread'
See section ‘The DESCRIPTION file’ in the ‘Writing R Extensions’
manual.
Flavors: r-oldrel-macos-arm64, r-oldrel-macos-x86_64