CRAN Package Check Results for Package imagefx

Last updated on 2025-07-28 01:49:09 CEST.

Flavor Version Tinstall Tcheck Ttotal Status Flags
r-devel-linux-x86_64-debian-clang 0.4.1 2.32 55.70 58.02 NOTE
r-devel-linux-x86_64-debian-gcc 0.4.1 2.14 43.06 45.20 NOTE
r-devel-linux-x86_64-fedora-clang 0.4.1 88.66 OK
r-devel-linux-x86_64-fedora-gcc 0.4.1 100.33 OK
r-devel-windows-x86_64 0.4.1 4.00 90.00 94.00 OK
r-patched-linux-x86_64 0.4.1 3.85 53.23 57.08 OK
r-release-linux-x86_64 0.4.1 2.92 53.30 56.22 OK
r-release-macos-arm64 0.4.1 40.00 OK
r-release-macos-x86_64 0.4.1 90.00 OK
r-release-windows-x86_64 0.4.1 4.00 81.00 85.00 OK
r-oldrel-macos-arm64 0.4.1 36.00 OK
r-oldrel-macos-x86_64 0.4.1 73.00 OK
r-oldrel-windows-x86_64 0.4.1 5.00 95.00 100.00 OK

Check Details

Version: 0.4.1
Check: CRAN incoming feasibility
Result: NOTE Maintainer: ‘Alex J.C. Witsil <alexjcwitsil@gmail.com>’ No Authors@R field in DESCRIPTION. Please add one, modifying Authors@R: person(given = c("Alex", "J.C."), family = "Witsil", role = c("aut", "cre"), email = "alexjcwitsil@gmail.com") as necessary. Flavors: r-devel-linux-x86_64-debian-clang, r-devel-linux-x86_64-debian-gcc