Last updated on 2025-07-19 14:48:28 CEST.
Flavor | Version | Tinstall | Tcheck | Ttotal | Status | Flags |
---|---|---|---|---|---|---|
r-devel-linux-x86_64-debian-clang | 1.2 | 17.56 | 28.46 | 46.02 | NOTE | |
r-devel-linux-x86_64-debian-gcc | 1.2 | 13.70 | 22.20 | 35.90 | NOTE | |
r-devel-linux-x86_64-fedora-clang | 1.2 | 81.02 | OK | |||
r-devel-linux-x86_64-fedora-gcc | 1.2 | 76.84 | OK | |||
r-devel-windows-x86_64 | 1.2 | 23.00 | 64.00 | 87.00 | OK | |
r-patched-linux-x86_64 | 1.2 | 21.37 | 27.36 | 48.73 | OK | |
r-release-linux-x86_64 | 1.2 | 21.60 | 27.14 | 48.74 | OK | |
r-release-macos-arm64 | 1.2 | 28.00 | OK | |||
r-release-macos-x86_64 | 1.2 | 45.00 | OK | |||
r-release-windows-x86_64 | 1.2 | 23.00 | 68.00 | 91.00 | OK | |
r-oldrel-macos-arm64 | 1.2 | 25.00 | OK | |||
r-oldrel-macos-x86_64 | 1.2 | 34.00 | OK | |||
r-oldrel-windows-x86_64 | 1.2 | 20.00 | 82.00 | 102.00 | OK |
Version: 1.2
Check: CRAN incoming feasibility
Result: NOTE
Maintainer: ‘Hui Xu <huix@schoolph.umass.edu>’
No Authors@R field in DESCRIPTION.
Please add one, modifying
Authors@R: c(person(given = "Hui",
family = "Xu",
role = c("aut", "cre"),
email = "huix@schoolph.umass.edu"),
person(given = "Raji",
family = "Balasubramanian",
role = "aut"))
as necessary.
Flavors: r-devel-linux-x86_64-debian-clang, r-devel-linux-x86_64-debian-gcc