CRAN Package Check Results for Package humanize

Last updated on 2025-07-15 17:50:10 CEST.

Flavor Version Tinstall Tcheck Ttotal Status Flags
r-devel-linux-x86_64-debian-clang 0.2.0 2.14 30.47 32.61 OK
r-devel-linux-x86_64-debian-gcc 0.2.0 2.11 24.05 26.16 OK
r-devel-linux-x86_64-fedora-clang 0.2.0 47.98 OK
r-devel-linux-x86_64-fedora-gcc 0.2.0 58.25 OK
r-devel-windows-x86_64 0.2.0 4.00 49.00 53.00 OK
r-patched-linux-x86_64 0.2.0 2.53 28.51 31.04 OK
r-release-linux-x86_64 0.2.0 2.80 27.77 30.57 OK
r-release-macos-arm64 0.2.0 32.00 OK
r-release-macos-x86_64 0.2.0 43.00 OK
r-release-windows-x86_64 0.2.0 4.00 52.00 56.00 OK
r-oldrel-macos-arm64 0.2.0 28.00 NOTE
r-oldrel-macos-x86_64 0.2.0 34.00 NOTE
r-oldrel-windows-x86_64 0.2.0 5.00 53.00 58.00 NOTE

Check Details

Version: 0.2.0
Check: LazyData
Result: NOTE 'LazyData' is specified without a 'data' directory Flavors: r-oldrel-macos-arm64, r-oldrel-macos-x86_64, r-oldrel-windows-x86_64