Last updated on 2025-07-26 01:50:52 CEST.
Flavor | Version | Tinstall | Tcheck | Ttotal | Status | Flags |
---|---|---|---|---|---|---|
r-devel-linux-x86_64-debian-clang | 1.4.7 | 7.29 | 49.19 | 56.48 | NOTE | |
r-devel-linux-x86_64-debian-gcc | 1.4.7 | 4.46 | 37.37 | 41.83 | NOTE | |
r-devel-linux-x86_64-fedora-clang | 1.4.7 | 81.62 | OK | |||
r-devel-linux-x86_64-fedora-gcc | 1.4.7 | 93.50 | OK | |||
r-devel-windows-x86_64 | 1.4.7 | 10.00 | 93.00 | 103.00 | OK | |
r-patched-linux-x86_64 | 1.4.7 | 7.37 | 45.11 | 52.48 | NOTE | |
r-release-linux-x86_64 | 1.4.7 | 6.78 | 44.97 | 51.75 | NOTE | |
r-release-macos-arm64 | 1.4.7 | 55.00 | OK | |||
r-release-macos-x86_64 | 1.4.7 | 97.00 | OK | |||
r-release-windows-x86_64 | 1.4.7 | 11.00 | 81.00 | 92.00 | OK | |
r-oldrel-macos-arm64 | 1.4.7 | 53.00 | OK | |||
r-oldrel-macos-x86_64 | 1.4.7 | 93.00 | OK | |||
r-oldrel-windows-x86_64 | 1.4.7 | 12.00 | 90.00 | 102.00 | OK |
Version: 1.4.7
Check: for unstated dependencies in ‘demo’
Result: NOTE
'::' or ':::' import not declared from: ‘rstudioapi’
Flavors: r-devel-linux-x86_64-debian-clang, r-devel-linux-x86_64-debian-gcc, r-patched-linux-x86_64, r-release-linux-x86_64