Last updated on 2025-07-17 05:49:50 CEST.
Flavor | Version | Tinstall | Tcheck | Ttotal | Status | Flags |
---|---|---|---|---|---|---|
r-devel-linux-x86_64-debian-clang | 1.0.2 | 6.42 | 59.79 | 66.21 | NOTE | |
r-devel-linux-x86_64-debian-gcc | 1.0.2 | 4.87 | 46.51 | 51.38 | NOTE | |
r-devel-linux-x86_64-fedora-clang | 1.0.2 | 95.39 | OK | |||
r-devel-linux-x86_64-fedora-gcc | 1.0.2 | 106.30 | OK | |||
r-devel-windows-x86_64 | 1.0.2 | 7.00 | 66.00 | 73.00 | OK | |
r-patched-linux-x86_64 | 1.0.2 | 5.24 | 55.35 | 60.59 | OK | |
r-release-linux-x86_64 | 1.0.2 | 6.06 | 56.67 | 62.73 | OK | |
r-release-macos-arm64 | 1.0.2 | 47.00 | OK | |||
r-release-macos-x86_64 | 1.0.2 | 88.00 | OK | |||
r-release-windows-x86_64 | 1.0.2 | 7.00 | 69.00 | 76.00 | OK | |
r-oldrel-macos-arm64 | 1.0.2 | 38.00 | OK | |||
r-oldrel-macos-x86_64 | 1.0.2 | 59.00 | OK | |||
r-oldrel-windows-x86_64 | 1.0.2 | 9.00 | 85.00 | 94.00 | OK |
Version: 1.0.2
Check: CRAN incoming feasibility
Result: NOTE
Maintainer: ‘Alexandru Monahov <alexandru.monahov@proton.me>’
No Authors@R field in DESCRIPTION.
Please add one, modifying
Authors@R: person(given = "Alexandru",
family = "Monahov",
role = c("aut", "cre"),
email = "alexandru.monahov@proton.me")
as necessary.
Flavors: r-devel-linux-x86_64-debian-clang, r-devel-linux-x86_64-debian-gcc