CRAN Package Check Results for Package horseshoenlm

Last updated on 2025-11-27 18:48:45 CET.

Flavor Version Tinstall Tcheck Ttotal Status Flags
r-devel-linux-x86_64-debian-clang 0.0.6 2.77 42.74 45.51 OK
r-devel-linux-x86_64-debian-gcc 0.0.6 1.93 33.81 35.74 OK
r-devel-linux-x86_64-fedora-clang 0.0.6 67.43 NOTE
r-devel-linux-x86_64-fedora-gcc 0.0.6 66.54 NOTE
r-devel-windows-x86_64 0.0.6 5.00 61.00 66.00 OK
r-patched-linux-x86_64 0.0.6 2.47 43.48 45.95 OK
r-release-linux-x86_64 0.0.6 2.66 43.81 46.47 OK
r-release-macos-arm64 0.0.6 OK
r-release-macos-x86_64 0.0.6 4.00 56.00 60.00 OK
r-release-windows-x86_64 0.0.6 5.00 65.00 70.00 OK
r-oldrel-macos-arm64 0.0.6 NOTE
r-oldrel-macos-x86_64 0.0.6 2.00 35.00 37.00 NOTE
r-oldrel-windows-x86_64 0.0.6 7.00 74.00 81.00 NOTE

Check Details

Version: 0.0.6
Check: dependencies in R code
Result: NOTE Namespace in Imports field not imported from: ‘survival’ All declared Imports should be used. Flavors: r-devel-linux-x86_64-fedora-clang, r-devel-linux-x86_64-fedora-gcc

Version: 0.0.6
Check: LazyData
Result: NOTE 'LazyData' is specified without a 'data' directory Flavors: r-oldrel-macos-arm64, r-oldrel-macos-x86_64, r-oldrel-windows-x86_64