Last updated on 2025-11-27 12:49:42 CET.
| Flavor | Version | Tinstall | Tcheck | Ttotal | Status | Flags |
|---|---|---|---|---|---|---|
| r-devel-linux-x86_64-debian-clang | 1.2.2 | 693.91 | 410.21 | 1104.12 | OK | |
| r-devel-linux-x86_64-debian-gcc | 1.2.2 | 576.80 | 379.03 | 955.83 | OK | |
| r-devel-linux-x86_64-fedora-clang | 1.3 | 132.00 | 873.47 | 1005.47 | OK | |
| r-devel-linux-x86_64-fedora-gcc | 1.3 | 207.00 | 1256.32 | 1463.32 | OK | |
| r-devel-windows-x86_64 | 1.2.2 | 795.00 | 507.00 | 1302.00 | OK | |
| r-patched-linux-x86_64 | 1.2.2 | 833.13 | 480.28 | 1313.41 | OK | |
| r-release-linux-x86_64 | 1.2.2 | 868.42 | 546.74 | 1415.16 | OK | |
| r-release-macos-arm64 | 1.2.2 | OK | ||||
| r-release-macos-x86_64 | 1.3 | 383.00 | 298.00 | 681.00 | OK | |
| r-release-windows-x86_64 | 1.2.2 | 792.00 | 499.00 | 1291.00 | OK | |
| r-oldrel-macos-arm64 | 1.2.2 | NOTE | ||||
| r-oldrel-macos-x86_64 | 1.3 | 411.00 | 346.00 | 757.00 | NOTE | |
| r-oldrel-windows-x86_64 | 1.2.2 | 892.00 | 675.00 | 1567.00 | NOTE |
Version: 1.2.2
Check: installed package size
Result: NOTE
installed size is 113.0Mb
sub-directories of 1Mb or more:
article 3.0Mb
doc 1.1Mb
libs 108.3Mb
Flavors: r-oldrel-macos-arm64, r-oldrel-windows-x86_64
Version: 1.2.2
Check: for GNU extensions in Makefiles
Result: NOTE
GNU make is a SystemRequirements.
Flavors: r-oldrel-macos-arm64, r-oldrel-windows-x86_64
Version: 1.3
Check: installed package size
Result: NOTE
installed size is 115.0Mb
sub-directories of 1Mb or more:
article 3.2Mb
doc 1.1Mb
libs 110.1Mb
Flavor: r-oldrel-macos-x86_64
Version: 1.3
Check: for GNU extensions in Makefiles
Result: NOTE
GNU make is a SystemRequirements.
Flavor: r-oldrel-macos-x86_64