Last updated on 2025-07-16 05:49:25 CEST.
Flavor | Version | Tinstall | Tcheck | Ttotal | Status | Flags |
---|---|---|---|---|---|---|
r-devel-linux-x86_64-debian-clang | 1.0.0 | 10.37 | 156.98 | 167.35 | OK | |
r-devel-linux-x86_64-debian-gcc | 1.0.0 | 8.04 | 111.13 | 119.17 | OK | |
r-devel-linux-x86_64-fedora-clang | 1.0.0 | 264.34 | OK | |||
r-devel-linux-x86_64-fedora-gcc | 1.0.0 | 267.69 | OK | |||
r-devel-windows-x86_64 | 1.0.0 | 13.00 | 157.00 | 170.00 | OK | |
r-patched-linux-x86_64 | 0.3.2 | 10.84 | 146.60 | 157.44 | NOTE | |
r-release-linux-x86_64 | 0.3.2 | 8.92 | 147.08 | 156.00 | NOTE | |
r-release-macos-arm64 | 0.3.2 | 77.00 | NOTE | |||
r-release-macos-x86_64 | 1.0.0 | 147.00 | OK | |||
r-release-windows-x86_64 | 1.0.0 | 13.00 | 171.00 | 184.00 | OK | |
r-oldrel-macos-arm64 | 0.3.2 | 74.00 | OK | |||
r-oldrel-macos-x86_64 | 1.0.0 | 149.00 | OK | |||
r-oldrel-windows-x86_64 | 1.0.0 | 15.00 | 198.00 | 213.00 | OK |
Version: 0.3.2
Check: DESCRIPTION meta-information
Result: NOTE
Missing dependency on R >= 4.1.0 because package code uses the pipe
|> or function shorthand \(...) syntax added in R 4.1.0.
File(s) using such syntax:
‘maps.R’ ‘utils.R’
Flavors: r-patched-linux-x86_64, r-release-linux-x86_64, r-release-macos-arm64