Last updated on 2025-11-27 12:49:42 CET.
| Flavor | Version | Tinstall | Tcheck | Ttotal | Status | Flags |
|---|---|---|---|---|---|---|
| r-devel-linux-x86_64-debian-clang | 0.5.1 | 49.68 | 26.69 | 76.37 | NOTE | |
| r-devel-linux-x86_64-debian-gcc | 0.5.1 | 42.15 | 20.45 | 62.60 | NOTE | |
| r-devel-linux-x86_64-fedora-clang | 0.5.1 | 160.00 | 16.50 | 176.50 | NOTE | |
| r-devel-linux-x86_64-fedora-gcc | 0.5.1 | 234.00 | -77.70 | 156.30 | NOTE | |
| r-devel-windows-x86_64 | 0.5.1 | 72.00 | 69.00 | 141.00 | NOTE | |
| r-patched-linux-x86_64 | 0.5.1 | 54.36 | 24.07 | 78.43 | NOTE | |
| r-release-linux-x86_64 | 0.5.1 | 53.93 | 24.24 | 78.17 | NOTE | |
| r-release-macos-arm64 | 0.5.1 | NOTE | ||||
| r-release-macos-x86_64 | 0.5.1 | 22.00 | 29.00 | 51.00 | NOTE | |
| r-release-windows-x86_64 | 0.5.1 | 70.00 | 66.00 | 136.00 | NOTE | |
| r-oldrel-macos-arm64 | 0.5.1 | NOTE | ||||
| r-oldrel-macos-x86_64 | 0.5.1 | 18.00 | 24.00 | 42.00 | NOTE | |
| r-oldrel-windows-x86_64 | 0.5.1 | 71.00 | 71.00 | 142.00 | NOTE |
Version: 0.5.1
Check: C++ specification
Result: NOTE
Specified C++11: please drop specification unless essential
Flavors: r-devel-linux-x86_64-debian-clang, r-devel-linux-x86_64-debian-gcc, r-devel-windows-x86_64, r-patched-linux-x86_64, r-release-linux-x86_64, r-release-macos-arm64, r-release-macos-x86_64, r-release-windows-x86_64, r-oldrel-macos-arm64, r-oldrel-macos-x86_64, r-oldrel-windows-x86_64
Version: 0.5.1
Check: C++ specification
Result: NOTE
Specified C++11: support will be removed soon
Flavors: r-devel-linux-x86_64-fedora-clang, r-devel-linux-x86_64-fedora-gcc
Version: 0.5.1
Check: installed package size
Result: NOTE
installed size is 8.7Mb
sub-directories of 1Mb or more:
highlight 1.0Mb
libs 7.5Mb
Flavors: r-oldrel-macos-arm64, r-oldrel-macos-x86_64