CRAN Package Check Results for Package googleway

Last updated on 2025-07-15 23:51:21 CEST.

Flavor Version Tinstall Tcheck Ttotal Status Flags
r-devel-linux-x86_64-debian-clang 2.7.8 6.86 75.54 82.40 NOTE
r-devel-linux-x86_64-debian-gcc 2.7.8 5.17 52.24 57.41 NOTE
r-devel-linux-x86_64-fedora-clang 2.7.8 123.11 NOTE
r-devel-linux-x86_64-fedora-gcc 2.7.8 126.42 NOTE
r-devel-windows-x86_64 2.7.8 10.00 101.00 111.00 NOTE
r-patched-linux-x86_64 2.7.8 8.39 71.81 80.20 NOTE
r-release-linux-x86_64 2.7.8 5.76 70.78 76.54 NOTE
r-release-macos-arm64 2.7.8 64.00 NOTE
r-release-macos-x86_64 2.7.8 97.00 NOTE
r-release-windows-x86_64 2.7.8 12.00 109.00 121.00 NOTE
r-oldrel-macos-arm64 2.7.8 54.00 NOTE
r-oldrel-macos-x86_64 2.7.8 82.00 NOTE
r-oldrel-windows-x86_64 2.7.8 12.00 118.00 130.00 NOTE

Check Details

Version: 2.7.8
Check: Rd files
Result: NOTE checkRd: (-1) google_find_place.Rd:67: Lost braces in \itemize; meant \describe ? checkRd: (-1) google_find_place.Rd:68: Lost braces in \itemize; meant \describe ? checkRd: (-1) google_find_place.Rd:69: Lost braces in \itemize; meant \describe ? checkRd: (-1) google_map.Rd:54: Lost braces; missing escapes or markup? 54 | of `{sf}` objects).} | ^ Flavors: r-devel-linux-x86_64-debian-clang, r-devel-linux-x86_64-debian-gcc, r-devel-linux-x86_64-fedora-clang, r-devel-linux-x86_64-fedora-gcc, r-devel-windows-x86_64, r-patched-linux-x86_64, r-release-linux-x86_64, r-release-macos-arm64, r-release-macos-x86_64, r-release-windows-x86_64, r-oldrel-macos-arm64, r-oldrel-macos-x86_64, r-oldrel-windows-x86_64