CRAN Package Check Results for Package gnomonicM

Last updated on 2025-07-19 19:49:46 CEST.

Flavor Version Tinstall Tcheck Ttotal Status Flags
r-devel-linux-x86_64-debian-clang 1.0.1 4.90 66.87 71.77 OK
r-devel-linux-x86_64-debian-gcc 1.0.1 4.03 50.31 54.34 OK
r-devel-linux-x86_64-fedora-clang 1.0.1 103.76 OK
r-devel-linux-x86_64-fedora-gcc 1.0.1 114.60 OK
r-devel-windows-x86_64 1.0.1 7.00 73.00 80.00 OK
r-patched-linux-x86_64 1.0.1 5.48 63.33 68.81 OK
r-release-linux-x86_64 1.0.1 4.55 63.33 67.88 OK
r-release-macos-arm64 1.0.1 45.00 OK
r-release-macos-x86_64 1.0.1 68.00 OK
r-release-windows-x86_64 1.0.1 8.00 72.00 80.00 OK
r-oldrel-macos-arm64 1.0.1 35.00 NOTE
r-oldrel-macos-x86_64 1.0.1 58.00 NOTE
r-oldrel-windows-x86_64 1.0.1 10.00 90.00 100.00 NOTE

Check Details

Version: 1.0.1
Check: LazyData
Result: NOTE 'LazyData' is specified without a 'data' directory Flavors: r-oldrel-macos-arm64, r-oldrel-macos-x86_64, r-oldrel-windows-x86_64