Last updated on 2025-11-27 18:48:44 CET.
| Flavor | Version | Tinstall | Tcheck | Ttotal | Status | Flags |
|---|---|---|---|---|---|---|
| r-devel-linux-x86_64-debian-clang | 0.1.0 | 11.27 | 128.17 | 139.44 | OK | |
| r-devel-linux-x86_64-debian-gcc | 0.1.0 | 7.85 | 88.63 | 96.48 | OK | |
| r-devel-linux-x86_64-fedora-clang | 0.1.0 | 19.00 | 152.83 | 171.83 | NOTE | |
| r-devel-linux-x86_64-fedora-gcc | 0.1.0 | 11.00 | 110.95 | 121.95 | NOTE | |
| r-devel-windows-x86_64 | 0.1.0 | 15.00 | 130.00 | 145.00 | OK | |
| r-patched-linux-x86_64 | 0.1.0 | 10.66 | 124.06 | 134.72 | OK | |
| r-release-linux-x86_64 | 0.1.0 | 11.60 | 123.13 | 134.73 | OK | |
| r-release-macos-arm64 | 0.1.0 | OK | ||||
| r-release-macos-x86_64 | 0.1.0 | 9.00 | 139.00 | 148.00 | OK | |
| r-release-windows-x86_64 | 0.1.0 | 15.00 | 127.00 | 142.00 | OK | |
| r-oldrel-macos-arm64 | 0.1.0 | OK | ||||
| r-oldrel-macos-x86_64 | 0.1.0 | 16.00 | 159.00 | 175.00 | OK | |
| r-oldrel-windows-x86_64 | 0.1.0 | 17.00 | 170.00 | 187.00 | OK |
Version: 0.1.0
Check: Rd cross-references
Result: NOTE
Unknown package ‘registr’ in Rd xrefs
Flavors: r-devel-linux-x86_64-fedora-clang, r-devel-linux-x86_64-fedora-gcc