Last updated on 2025-11-27 12:49:41 CET.
| Flavor | Version | Tinstall | Tcheck | Ttotal | Status | Flags |
|---|---|---|---|---|---|---|
| r-devel-linux-x86_64-debian-clang | 1.0.10 | 86.97 | 73.06 | 160.03 | OK | |
| r-devel-linux-x86_64-debian-gcc | 1.0.10 | 61.20 | 53.72 | 114.92 | OK | |
| r-devel-linux-x86_64-fedora-clang | 1.1.1 | 201.00 | 132.60 | 333.60 | OK | |
| r-devel-linux-x86_64-fedora-gcc | 1.1.1 | 253.00 | 74.15 | 327.15 | OK | |
| r-patched-linux-x86_64 | 1.0.10 | 100.65 | 61.72 | 162.37 | OK | |
| r-release-linux-x86_64 | 1.0.10 | 92.93 | 60.78 | 153.71 | OK | |
| r-release-macos-arm64 | 1.0.10 | OK | ||||
| r-release-macos-x86_64 | 1.1.1 | 88.00 | 164.00 | 252.00 | OK | |
| r-release-windows-x86_64 | 1.0.10 | 104.00 | 146.00 | 250.00 | OK | |
| r-oldrel-macos-arm64 | 1.0.10 | NOTE | ||||
| r-oldrel-macos-x86_64 | 1.1.1 | 85.00 | 181.00 | 266.00 | NOTE | |
| r-oldrel-windows-x86_64 | 1.0.10 | 124.00 | 138.00 | 262.00 | OK |
Version: 1.0.10
Check: installed package size
Result: NOTE
installed size is 6.8Mb
sub-directories of 1Mb or more:
libs 5.7Mb
Flavor: r-oldrel-macos-arm64
Version: 1.1.1
Check: installed package size
Result: NOTE
installed size is 6.9Mb
sub-directories of 1Mb or more:
libs 5.6Mb
Flavor: r-oldrel-macos-x86_64