CRAN Package Check Results for Package ggtricks

Last updated on 2025-11-27 18:48:44 CET.

Flavor Version Tinstall Tcheck Ttotal Status Flags
r-devel-linux-x86_64-debian-clang 0.1.0 6.20 42.55 48.75 NOTE
r-devel-linux-x86_64-debian-gcc 0.1.0 4.37 32.49 36.86 NOTE
r-devel-linux-x86_64-fedora-clang 0.1.0 13.00 57.29 70.29 NOTE
r-devel-linux-x86_64-fedora-gcc 0.1.0 14.00 51.53 65.53 NOTE
r-devel-windows-x86_64 0.1.0 11.00 55.00 66.00 NOTE
r-patched-linux-x86_64 0.1.0 6.79 38.13 44.92 NOTE
r-release-linux-x86_64 0.1.0 6.41 37.48 43.89 NOTE
r-release-macos-arm64 0.1.0 NOTE
r-release-macos-x86_64 0.1.0 4.00 31.00 35.00 NOTE
r-release-windows-x86_64 0.1.0 9.00 56.00 65.00 NOTE
r-oldrel-macos-arm64 0.1.0 OK
r-oldrel-macos-x86_64 0.1.0 4.00 26.00 30.00 OK
r-oldrel-windows-x86_64 0.1.0 11.00 67.00 78.00 OK

Check Details

Version: 0.1.0
Check: DESCRIPTION meta-information
Result: NOTE Missing dependency on R >= 4.1.0 because package code uses the pipe |> or function shorthand \(...) syntax added in R 4.1.0. File(s) using such syntax: ‘geom_donut.Rd’ ‘geom_donut_slice.Rd’ ‘geom_pie.Rd’ ‘geom_series_circles.Rd’ ‘geom_series_text.Rd’ ‘geom_slice.Rd’ ‘stat-series-circles.R’ Flavors: r-devel-linux-x86_64-debian-clang, r-devel-linux-x86_64-debian-gcc, r-devel-linux-x86_64-fedora-clang, r-devel-linux-x86_64-fedora-gcc, r-devel-windows-x86_64, r-patched-linux-x86_64, r-release-linux-x86_64, r-release-macos-arm64, r-release-macos-x86_64, r-release-windows-x86_64