Last updated on 2025-07-15 17:50:09 CEST.
Flavor | Version | Tinstall | Tcheck | Ttotal | Status | Flags |
---|---|---|---|---|---|---|
r-devel-linux-x86_64-debian-clang | 0.1.0 | 4.79 | 42.75 | 47.54 | OK | |
r-devel-linux-x86_64-debian-gcc | 0.1.0 | 3.25 | 30.76 | 34.01 | OK | |
r-devel-linux-x86_64-fedora-clang | 0.1.0 | 69.20 | OK | |||
r-devel-linux-x86_64-fedora-gcc | 0.1.0 | 66.02 | OK | |||
r-devel-windows-x86_64 | 0.1.0 | 7.00 | 55.00 | 62.00 | OK | |
r-patched-linux-x86_64 | 0.1.0 | 4.97 | 38.67 | 43.64 | OK | |
r-release-linux-x86_64 | 0.1.0 | 4.51 | 38.34 | 42.85 | OK | |
r-release-macos-arm64 | 0.1.0 | 25.00 | OK | |||
r-release-macos-x86_64 | 0.1.0 | 37.00 | OK | |||
r-release-windows-x86_64 | 0.1.0 | 7.00 | 65.00 | 72.00 | OK | |
r-oldrel-macos-arm64 | 0.1.0 | 22.00 | NOTE | |||
r-oldrel-macos-x86_64 | 0.1.0 | 31.00 | NOTE | |||
r-oldrel-windows-x86_64 | 0.1.0 | 8.00 | 66.00 | 74.00 | NOTE |
Version: 0.1.0
Check: LazyData
Result: NOTE
'LazyData' is specified without a 'data' directory
Flavors: r-oldrel-macos-arm64, r-oldrel-macos-x86_64, r-oldrel-windows-x86_64