Last updated on 2025-07-15 17:50:08 CEST.
Flavor | Version | Tinstall | Tcheck | Ttotal | Status | Flags |
---|---|---|---|---|---|---|
r-devel-linux-x86_64-debian-clang | 3.0.6 | 64.79 | 62.35 | 127.14 | OK | |
r-devel-linux-x86_64-debian-gcc | 3.0.6 | 49.12 | 45.09 | 94.21 | OK | |
r-devel-linux-x86_64-fedora-clang | 3.0.6 | 212.71 | OK | |||
r-devel-linux-x86_64-fedora-gcc | 3.0.6 | 229.50 | OK | |||
r-devel-windows-x86_64 | 3.0.6 | 80.00 | 101.00 | 181.00 | OK | |
r-patched-linux-x86_64 | 3.0.6 | 70.88 | 59.25 | 130.13 | OK | |
r-release-linux-x86_64 | 3.0.6 | 70.71 | 58.84 | 129.55 | OK | |
r-release-macos-arm64 | 3.0.6 | 63.00 | OK | |||
r-release-macos-x86_64 | 3.0.6 | 97.00 | OK | |||
r-release-windows-x86_64 | 3.0.6 | 85.00 | 110.00 | 195.00 | OK | |
r-oldrel-macos-arm64 | 3.0.6 | 66.00 | NOTE | |||
r-oldrel-macos-x86_64 | 3.0.6 | 124.00 | NOTE | |||
r-oldrel-windows-x86_64 | 3.0.6 | 73.00 | 120.00 | 193.00 | OK |
Version: 3.0.6
Check: installed package size
Result: NOTE
installed size is 6.9Mb
sub-directories of 1Mb or more:
libs 6.3Mb
Flavors: r-oldrel-macos-arm64, r-oldrel-macos-x86_64