CRAN Package Check Results for Package gamlss.ggplots

Last updated on 2025-07-16 17:49:24 CEST.

Flavor Version Tinstall Tcheck Ttotal Status Flags
r-devel-linux-x86_64-debian-clang 2.1-12 22.62 184.48 207.10 NOTE
r-devel-linux-x86_64-debian-gcc 2.1-12 14.81 123.53 138.34 NOTE
r-devel-linux-x86_64-fedora-clang 2.1-12 324.05 NOTE
r-devel-linux-x86_64-fedora-gcc 2.1-12 319.93 NOTE
r-devel-windows-x86_64 2.1-12 26.00 178.00 204.00 NOTE
r-patched-linux-x86_64 2.1-12 21.70 176.25 197.95 NOTE
r-release-linux-x86_64 2.1-12 21.63 178.79 200.42 NOTE
r-release-macos-arm64 2.1-12 87.00 NOTE
r-release-macos-x86_64 2.1-12 182.00 NOTE
r-release-windows-x86_64 2.1-12 21.00 188.00 209.00 NOTE
r-oldrel-macos-arm64 2.1-12 78.00 OK
r-oldrel-macos-x86_64 2.1-12 165.00 OK
r-oldrel-windows-x86_64 2.1-12 30.00 239.00 269.00 OK

Check Details

Version: 2.1-12
Check: DESCRIPTION meta-information
Result: NOTE Missing dependency on R >= 4.1.0 because package code uses the pipe |> or function shorthand \(...) syntax added in R 4.1.0. File(s) using such syntax: ‘Bucket_plot.R’ Flavors: r-devel-linux-x86_64-debian-clang, r-devel-linux-x86_64-debian-gcc, r-devel-linux-x86_64-fedora-clang, r-devel-linux-x86_64-fedora-gcc, r-devel-windows-x86_64, r-patched-linux-x86_64, r-release-linux-x86_64, r-release-macos-arm64, r-release-macos-x86_64, r-release-windows-x86_64

Version: 2.1-12
Check: Rd cross-references
Result: NOTE Found the following Rd file(s) with Rd \link{} targets missing package anchors: family_pdf.Rd: gamlss fitted_cdf.Rd: gamlss fitted_devianceIncr.Rd: gamlss model_pca.Rd: gamlss resid_plot.Rd: gamlss, plot.gamlss Please provide package anchors for all Rd \link{} targets not in the package itself and the base packages. Flavors: r-devel-linux-x86_64-debian-clang, r-devel-linux-x86_64-debian-gcc, r-devel-windows-x86_64, r-patched-linux-x86_64, r-release-linux-x86_64, r-release-windows-x86_64