Last updated on 2025-11-27 12:49:39 CET.
| Flavor | Version | Tinstall | Tcheck | Ttotal | Status | Flags |
|---|---|---|---|---|---|---|
| r-devel-linux-x86_64-debian-clang | 1.0.1 | 13.89 | 85.00 | 98.89 | NOTE | |
| r-devel-linux-x86_64-debian-gcc | 1.0.1 | 8.74 | 52.41 | 61.15 | NOTE | |
| r-devel-linux-x86_64-fedora-clang | 1.0.1 | 32.00 | 115.03 | 147.03 | NOTE | |
| r-devel-linux-x86_64-fedora-gcc | 1.0.1 | 26.00 | 130.86 | 156.86 | NOTE | |
| r-devel-windows-x86_64 | 1.0.1 | 20.00 | 143.00 | 163.00 | NOTE | |
| r-patched-linux-x86_64 | 1.0.1 | 13.04 | 78.52 | 91.56 | NOTE | |
| r-release-linux-x86_64 | 1.0.1 | 12.29 | 60.79 | 73.08 | NOTE | |
| r-release-macos-arm64 | 1.0.1 | NOTE | ||||
| r-release-macos-x86_64 | 1.0.1 | 11.00 | 115.00 | 126.00 | NOTE | |
| r-release-windows-x86_64 | 1.0.1 | 17.00 | 201.00 | 218.00 | NOTE | |
| r-oldrel-macos-arm64 | 1.0.1 | NOTE | ||||
| r-oldrel-macos-x86_64 | 1.0.1 | 11.00 | 113.00 | 124.00 | NOTE | |
| r-oldrel-windows-x86_64 | 1.0.1 | 17.00 | 194.00 | 211.00 | NOTE |
Version: 1.0.1
Check: C++ specification
Result: NOTE
Specified C++11: please drop specification unless essential
Flavors: r-devel-linux-x86_64-debian-clang, r-devel-linux-x86_64-debian-gcc, r-devel-windows-x86_64, r-patched-linux-x86_64, r-release-linux-x86_64, r-release-macos-arm64, r-release-macos-x86_64, r-release-windows-x86_64, r-oldrel-macos-arm64, r-oldrel-macos-x86_64, r-oldrel-windows-x86_64
Version: 1.0.1
Check: C++ specification
Result: NOTE
Specified C++11: support will be removed soon
Flavors: r-devel-linux-x86_64-fedora-clang, r-devel-linux-x86_64-fedora-gcc