Last updated on 2025-07-28 07:50:30 CEST.
Flavor | Version | Tinstall | Tcheck | Ttotal | Status | Flags |
---|---|---|---|---|---|---|
r-devel-linux-x86_64-debian-clang | 0.4.0 | 8.60 | 70.67 | 79.27 | NOTE | |
r-devel-linux-x86_64-debian-gcc | 0.4.0 | 7.16 | 49.98 | 57.14 | NOTE | |
r-devel-linux-x86_64-fedora-clang | 0.4.0 | 122.89 | NOTE | |||
r-devel-linux-x86_64-fedora-gcc | 0.4.0 | 123.78 | NOTE | |||
r-devel-windows-x86_64 | 0.4.0 | 12.00 | 86.00 | 98.00 | NOTE | |
r-patched-linux-x86_64 | 0.4.0 | 10.29 | 63.58 | 73.87 | NOTE | |
r-release-linux-x86_64 | 0.4.0 | 8.91 | 64.49 | 73.40 | NOTE | |
r-release-macos-arm64 | 0.4.0 | 37.00 | NOTE | |||
r-release-macos-x86_64 | 0.4.0 | 76.00 | NOTE | |||
r-release-windows-x86_64 | 0.4.0 | 13.00 | 89.00 | 102.00 | NOTE | |
r-oldrel-macos-arm64 | 0.4.0 | 27.00 | NOTE | |||
r-oldrel-macos-x86_64 | 0.4.0 | 45.00 | NOTE | |||
r-oldrel-windows-x86_64 | 0.4.0 | 15.00 | 105.00 | 120.00 | NOTE |
Version: 0.4.0
Check: Rd files
Result: NOTE
checkRd: (-1) update_nhl_db.Rd:51-53: Lost braces in \itemize; meant \describe ?
checkRd: (-1) update_nhl_db.Rd:54-57: Lost braces in \itemize; meant \describe ?
checkRd: (-1) update_phf_db.Rd:51-53: Lost braces in \itemize; meant \describe ?
checkRd: (-1) update_phf_db.Rd:54-57: Lost braces in \itemize; meant \describe ?
Flavors: r-devel-linux-x86_64-debian-clang, r-devel-linux-x86_64-debian-gcc, r-devel-linux-x86_64-fedora-clang, r-devel-linux-x86_64-fedora-gcc, r-devel-windows-x86_64, r-patched-linux-x86_64, r-release-linux-x86_64, r-release-macos-arm64, r-release-macos-x86_64, r-release-windows-x86_64, r-oldrel-macos-arm64, r-oldrel-macos-x86_64, r-oldrel-windows-x86_64