Last updated on 2025-07-16 05:49:22 CEST.
Flavor | Version | Tinstall | Tcheck | Ttotal | Status | Flags |
---|---|---|---|---|---|---|
r-devel-linux-x86_64-debian-clang | 0.1.0 | 8.58 | 127.55 | 136.13 | OK | |
r-devel-linux-x86_64-debian-gcc | 0.1.0 | 5.91 | 87.58 | 93.49 | OK | |
r-devel-linux-x86_64-fedora-clang | 0.1.0 | 223.19 | OK | |||
r-devel-linux-x86_64-fedora-gcc | 0.1.0 | 206.16 | OK | |||
r-devel-windows-x86_64 | 0.1.0 | 8.00 | 133.00 | 141.00 | OK | |
r-patched-linux-x86_64 | 0.1.0 | 8.57 | 120.10 | 128.67 | OK | |
r-release-linux-x86_64 | 0.1.0 | 7.93 | 118.05 | 125.98 | OK | |
r-release-macos-arm64 | 0.1.0 | 58.00 | OK | |||
r-release-macos-x86_64 | 0.1.0 | 122.00 | OK | |||
r-release-windows-x86_64 | 0.1.0 | 8.00 | 137.00 | 145.00 | OK | |
r-oldrel-macos-arm64 | 0.1.0 | 55.00 | NOTE | |||
r-oldrel-macos-x86_64 | 0.1.0 | 84.00 | NOTE | |||
r-oldrel-windows-x86_64 | 0.1.0 | 11.00 | 172.00 | 183.00 | NOTE |
Version: 0.1.0
Check: LazyData
Result: NOTE
'LazyData' is specified without a 'data' directory
Flavors: r-oldrel-macos-arm64, r-oldrel-macos-x86_64, r-oldrel-windows-x86_64