Last updated on 2025-11-27 18:48:42 CET.
| Flavor | Version | Tinstall | Tcheck | Ttotal | Status | Flags |
|---|---|---|---|---|---|---|
| r-devel-linux-x86_64-debian-clang | 1.1.0 | 31.35 | 186.69 | 218.04 | OK | |
| r-devel-linux-x86_64-debian-gcc | 1.1.0 | 19.27 | 131.63 | 150.90 | OK | |
| r-devel-linux-x86_64-fedora-clang | 1.1.0 | 68.00 | 281.46 | 349.46 | OK | |
| r-devel-linux-x86_64-fedora-gcc | 1.1.0 | 62.00 | 281.51 | 343.51 | OK | |
| r-devel-windows-x86_64 | 1.1.0 | 45.00 | 198.00 | 243.00 | OK | |
| r-patched-linux-x86_64 | 1.1.0 | 30.03 | 179.18 | 209.21 | OK | |
| r-release-linux-x86_64 | 1.1.0 | 27.95 | 178.91 | 206.86 | OK | |
| r-release-macos-arm64 | 1.1.0 | OK | ||||
| r-release-macos-x86_64 | 1.1.0 | 26.00 | 171.00 | 197.00 | OK | |
| r-release-windows-x86_64 | 1.1.0 | 37.00 | 194.00 | 231.00 | OK | |
| r-oldrel-macos-arm64 | 1.1.0 | NOTE | ||||
| r-oldrel-macos-x86_64 | 1.1.0 | 20.00 | 182.00 | 202.00 | NOTE | |
| r-oldrel-windows-x86_64 | 1.1.0 | 44.00 | 258.00 | 302.00 | NOTE |
Version: 1.1.0
Check: package dependencies
Result: NOTE
Package suggested but not available for checking: ‘exuberdata’
Flavors: r-oldrel-macos-arm64, r-oldrel-macos-x86_64, r-oldrel-windows-x86_64