CRAN Package Check Results for Package extremogram

Last updated on 2025-07-15 23:51:20 CEST.

Flavor Version Tinstall Tcheck Ttotal Status Flags
r-devel-linux-x86_64-debian-clang 1.0.2 2.24 22.39 24.63 NOTE
r-devel-linux-x86_64-debian-gcc 1.0.2 1.90 17.32 19.22 NOTE
r-devel-linux-x86_64-fedora-clang 1.0.2 38.24 OK
r-devel-linux-x86_64-fedora-gcc 1.0.2 36.49 OK
r-devel-windows-x86_64 1.0.2 3.00 44.00 47.00 OK
r-patched-linux-x86_64 1.0.2 2.92 20.99 23.91 OK
r-release-linux-x86_64 1.0.2 2.43 20.82 23.25 OK
r-release-macos-arm64 1.0.2 16.00 OK
r-release-macos-x86_64 1.0.2 26.00 OK
r-release-windows-x86_64 1.0.2 3.00 57.00 60.00 OK
r-oldrel-macos-arm64 1.0.2 15.00 OK
r-oldrel-macos-x86_64 1.0.2 22.00 OK
r-oldrel-windows-x86_64 1.0.2 5.00 47.00 52.00 OK

Check Details

Version: 1.0.2
Check: CRAN incoming feasibility
Result: NOTE Maintainer: ‘Nadezda Frolova <nfrolova@ualberta.ca>’ No Authors@R field in DESCRIPTION. Please add one, modifying Authors@R: c(person(given = "Nadezda", family = "Frolova", role = c("aut", "cre"), email = "nfrolova@ualberta.ca"), person(given = "Ivor", family = "Cribben", role = "aut")) as necessary. Flavors: r-devel-linux-x86_64-debian-clang, r-devel-linux-x86_64-debian-gcc