Last updated on 2025-11-27 12:49:39 CET.
| Flavor | Version | Tinstall | Tcheck | Ttotal | Status | Flags |
|---|---|---|---|---|---|---|
| r-devel-linux-x86_64-debian-clang | 0.1.0 | 19.91 | 184.39 | 204.30 | OK | |
| r-devel-linux-x86_64-debian-gcc | 0.1.0 | 14.02 | 120.41 | 134.43 | OK | |
| r-devel-linux-x86_64-fedora-clang | 0.1.0 | 54.00 | 225.41 | 279.41 | OK | |
| r-devel-linux-x86_64-fedora-gcc | 0.1.0 | 42.00 | 255.22 | 297.22 | OK | |
| r-patched-linux-x86_64 | 0.1.0 | 21.00 | 153.73 | 174.73 | WARN | |
| r-release-linux-x86_64 | 0.1.0 | 17.67 | 157.25 | 174.92 | OK | |
| r-release-macos-arm64 | 0.1.0 | 8.00 | 42.00 | 50.00 | OK | |
| r-release-macos-x86_64 | 0.1.0 | 33.00 | 208.00 | 241.00 | OK | |
| r-oldrel-macos-arm64 | 0.1.0 | 8.00 | 46.00 | 54.00 | OK | |
| r-oldrel-macos-x86_64 | 0.1.0 | 25.00 | 184.00 | 209.00 | OK | |
| r-oldrel-windows-x86_64 | 0.1.0 | 32.00 | 211.00 | 243.00 | OK |
Version: 0.1.0
Check: whether package can be installed
Result: WARN
Found the following significant warnings:
Rd warning: no hsearch.rds meta data for package ergm.sign
See ‘/home/hornik/tmp/R.check/r-patched-gcc/Work/PKGS/ergm.sign.Rcheck/00install.out’ for details.
* used C compiler: ‘gcc-14 (Debian 14.3.0-10) 14.3.0’
Flavor: r-patched-linux-x86_64