Last updated on 2025-11-27 18:48:40 CET.
| Flavor | Version | Tinstall | Tcheck | Ttotal | Status | Flags |
|---|---|---|---|---|---|---|
| r-devel-linux-x86_64-debian-clang | 1.0.0 | 12.78 | 25.81 | 38.59 | NOTE | |
| r-devel-linux-x86_64-debian-gcc | 1.0.0 | 8.88 | 22.45 | 31.33 | NOTE | |
| r-devel-linux-x86_64-fedora-clang | 1.0.0 | 27.00 | 34.85 | 61.85 | NOTE | |
| r-devel-linux-x86_64-fedora-gcc | 1.0.0 | 40.00 | 18.80 | 58.80 | NOTE | |
| r-devel-windows-x86_64 | 1.0.0 | 20.00 | 57.00 | 77.00 | NOTE | |
| r-patched-linux-x86_64 | 1.0.0 | 11.87 | 24.35 | 36.22 | NOTE | |
| r-release-linux-x86_64 | 1.0.0 | 12.08 | 23.59 | 35.67 | NOTE | |
| r-release-macos-arm64 | 1.0.0 | NOTE | ||||
| r-release-macos-x86_64 | 1.0.0 | 16.00 | 42.00 | 58.00 | NOTE | |
| r-release-windows-x86_64 | 1.0.0 | 15.00 | 59.00 | 74.00 | NOTE | |
| r-oldrel-macos-arm64 | 1.0.0 | NOTE | ||||
| r-oldrel-macos-x86_64 | 1.0.0 | 9.00 | 27.00 | 36.00 | NOTE | |
| r-oldrel-windows-x86_64 | 1.0.0 | 17.00 | 74.00 | 91.00 | NOTE |
Version: 1.0.0
Check: C++ specification
Result: NOTE
Specified C++11: please drop specification unless essential
Flavors: r-devel-linux-x86_64-debian-clang, r-devel-linux-x86_64-debian-gcc, r-devel-windows-x86_64, r-patched-linux-x86_64, r-release-linux-x86_64, r-release-macos-arm64, r-release-macos-x86_64, r-release-windows-x86_64, r-oldrel-macos-arm64, r-oldrel-macos-x86_64, r-oldrel-windows-x86_64
Version: 1.0.0
Check: C++ specification
Result: NOTE
Specified C++11: support will be removed soon
Flavors: r-devel-linux-x86_64-fedora-clang, r-devel-linux-x86_64-fedora-gcc
Version: 1.0.0
Check: LazyData
Result: NOTE
'LazyData' is specified without a 'data' directory
Flavors: r-oldrel-macos-arm64, r-oldrel-macos-x86_64, r-oldrel-windows-x86_64