CRAN Package Check Results for Package egor

Last updated on 2025-07-17 11:50:32 CEST.

Flavor Version Tinstall Tcheck Ttotal Status Flags
r-devel-linux-x86_64-debian-clang 1.24.2 15.94 224.37 240.31 NOTE
r-devel-linux-x86_64-debian-gcc 1.24.2 10.63 150.58 161.21 NOTE
r-devel-linux-x86_64-fedora-clang 1.24.2 370.79 NOTE
r-devel-linux-x86_64-fedora-gcc 1.24.2 362.27 NOTE
r-devel-windows-x86_64 1.24.2 17.00 194.00 211.00 NOTE
r-patched-linux-x86_64 1.24.2 14.54 209.84 224.38 NOTE
r-release-linux-x86_64 1.24.2 12.35 211.18 223.53 NOTE
r-release-macos-arm64 1.24.2 108.00 NOTE
r-release-macos-x86_64 1.24.2 295.00 NOTE
r-release-windows-x86_64 1.24.2 17.00 195.00 212.00 NOTE
r-oldrel-macos-arm64 1.24.2 105.00 OK
r-oldrel-macos-x86_64 1.24.2 344.00 OK
r-oldrel-windows-x86_64 1.24.2 24.00 264.00 288.00 OK

Check Details

Version: 1.24.2
Check: DESCRIPTION meta-information
Result: NOTE Missing dependency on R >= 4.1.0 because package code uses the pipe |> or function shorthand \(...) syntax added in R 4.1.0. File(s) using such syntax: ‘clustered.graphs.R’ Flavors: r-devel-linux-x86_64-debian-clang, r-devel-linux-x86_64-debian-gcc, r-devel-linux-x86_64-fedora-clang, r-devel-linux-x86_64-fedora-gcc, r-devel-windows-x86_64, r-patched-linux-x86_64, r-release-linux-x86_64, r-release-macos-arm64, r-release-macos-x86_64, r-release-windows-x86_64

Version: 1.24.2
Check: Rd cross-references
Result: NOTE Found the following Rd file(s) with Rd \link{} targets missing package anchors: as_tibble.egor.Rd: tbl_svy, as_tibble, as_survey egor.Rd: as_tibble, tibble, tbl_svy rowlist.Rd: tibble Please provide package anchors for all Rd \link{} targets not in the package itself and the base packages. Flavors: r-devel-linux-x86_64-debian-clang, r-devel-linux-x86_64-debian-gcc, r-devel-windows-x86_64, r-patched-linux-x86_64, r-release-linux-x86_64, r-release-windows-x86_64