Last updated on 2025-11-27 18:48:39 CET.
| Flavor | Version | Tinstall | Tcheck | Ttotal | Status | Flags |
|---|---|---|---|---|---|---|
| r-devel-linux-x86_64-debian-clang | 1.2.0 | 7.36 | 78.47 | 85.83 | NOTE | |
| r-devel-linux-x86_64-debian-gcc | 1.2.0 | 5.64 | 58.08 | 63.72 | NOTE | |
| r-devel-linux-x86_64-fedora-clang | 1.2.0 | 15.00 | 113.91 | 128.91 | OK | |
| r-devel-linux-x86_64-fedora-gcc | 1.2.0 | 14.00 | 111.02 | 125.02 | OK | |
| r-devel-windows-x86_64 | 1.2.0 | 10.00 | 87.00 | 97.00 | OK | |
| r-patched-linux-x86_64 | 1.2.0 | 7.01 | 73.74 | 80.75 | OK | |
| r-release-linux-x86_64 | 1.2.0 | 7.21 | 74.07 | 81.28 | OK | |
| r-release-macos-arm64 | 1.2.0 | OK | ||||
| r-release-macos-x86_64 | 1.2.0 | 8.00 | 69.00 | 77.00 | OK | |
| r-release-windows-x86_64 | 1.2.0 | 8.00 | 97.00 | 105.00 | OK | |
| r-oldrel-macos-arm64 | 1.2.0 | OK | ||||
| r-oldrel-macos-x86_64 | 1.2.0 | 5.00 | 52.00 | 57.00 | OK | |
| r-oldrel-windows-x86_64 | 1.2.0 | 10.00 | 112.00 | 122.00 | OK |
Version: 1.2.0
Check: DESCRIPTION meta-information
Result: NOTE
Author field differs from that derived from Authors@R
Author: ‘Joseph Richards [aut] (joeyrichar), Robrecht Cannoodt [aut, cre] (<https://orcid.org/0000-0003-3641-729X>, rcannood)’
Authors@R: ‘Joseph Richards [aut] (github: joeyrichar), Robrecht Cannoodt [aut, cre] (ORCID: <https://orcid.org/0000-0003-3641-729X>, github: rcannood)’
Flavors: r-devel-linux-x86_64-debian-clang, r-devel-linux-x86_64-debian-gcc