Last updated on 2025-11-27 12:49:36 CET.
| Flavor | Version | Tinstall | Tcheck | Ttotal | Status | Flags |
|---|---|---|---|---|---|---|
| r-devel-linux-x86_64-debian-clang | 0.0.1 | 2.84 | 157.66 | 160.50 | OK | |
| r-devel-linux-x86_64-debian-gcc | 0.0.1 | 2.49 | 111.74 | 114.23 | OK | |
| r-devel-linux-x86_64-fedora-clang | 0.0.1 | 236.48 | OK | |||
| r-devel-linux-x86_64-fedora-gcc | 0.0.1 | 238.53 | NOTE | |||
| r-devel-windows-x86_64 | 0.0.1 | 8.00 | 193.00 | 201.00 | OK | |
| r-patched-linux-x86_64 | 0.0.1 | 3.30 | 152.30 | 155.60 | OK | |
| r-release-linux-x86_64 | 0.0.1 | 2.55 | 148.90 | 151.45 | OK | |
| r-release-macos-arm64 | 0.0.1 | OK | ||||
| r-release-macos-x86_64 | 0.0.1 | 3.00 | 172.00 | 175.00 | OK | |
| r-release-windows-x86_64 | 0.0.1 | 4.00 | 195.00 | 199.00 | OK | |
| r-oldrel-macos-arm64 | 0.0.1 | OK | ||||
| r-oldrel-macos-x86_64 | 0.0.1 | 5.00 | 230.00 | 235.00 | OK | |
| r-oldrel-windows-x86_64 | 0.0.1 | 7.00 | 247.00 | 254.00 | OK |
Version: 0.0.1
Check: for non-standard things in the check directory
Result: NOTE
Found the following files/directories:
‘examplepkg’
Flavor: r-devel-linux-x86_64-fedora-gcc