CRAN Package Check Results for Package clusterGeneration

Last updated on 2025-07-27 01:48:18 CEST.

Flavor Version Tinstall Tcheck Ttotal Status Flags
r-devel-linux-x86_64-debian-clang 1.3.8 4.27 35.79 40.06 NOTE
r-devel-linux-x86_64-debian-gcc 1.3.8 3.31 24.98 28.29 NOTE
r-devel-linux-x86_64-fedora-clang 1.3.8 62.27 OK
r-devel-linux-x86_64-fedora-gcc 1.3.8 59.75 OK
r-devel-windows-x86_64 1.3.8 5.00 60.00 65.00 OK
r-patched-linux-x86_64 1.3.8 5.27 33.30 38.57 OK
r-release-linux-x86_64 1.3.8 4.96 33.34 38.30 OK
r-release-macos-arm64 1.3.8 21.00 OK
r-release-macos-x86_64 1.3.8 44.00 OK
r-release-windows-x86_64 1.3.8 7.00 53.00 60.00 OK
r-oldrel-macos-arm64 1.3.8 33.00 OK
r-oldrel-macos-x86_64 1.3.8 33.00 OK
r-oldrel-windows-x86_64 1.3.8 8.00 61.00 69.00 OK

Check Details

Version: 1.3.8
Check: CRAN incoming feasibility
Result: NOTE Maintainer: ‘Weiliang Qiu <weiliang.qiu@gmail.com>’ No Authors@R field in DESCRIPTION. Please add one, modifying Authors@R: c(person(given = "Weiliang", family = "Qiu", role = c("aut", "cre"), email = "weiliang.qiu@gmail.com"), person(given = "Harry", family = "Joe.", role = "aut", email = "harry@stat.ubc.ca")) as necessary. Flavors: r-devel-linux-x86_64-debian-clang, r-devel-linux-x86_64-debian-gcc