CRAN Package Check Results for Package cleanNLP

Last updated on 2025-11-27 18:48:37 CET.

Flavor Version Tinstall Tcheck Ttotal Status Flags
r-devel-linux-x86_64-debian-clang 3.1.0 3.09 36.00 39.09 NOTE
r-devel-linux-x86_64-debian-gcc 3.1.0 2.02 29.02 31.04 NOTE
r-devel-linux-x86_64-fedora-clang 3.1.0 60.65 OK
r-devel-linux-x86_64-fedora-gcc 3.1.0 13.00 62.80 75.80 OK
r-devel-windows-x86_64 3.1.0 6.00 54.00 60.00 OK
r-patched-linux-x86_64 3.1.0 3.31 34.12 37.43 OK
r-release-linux-x86_64 3.1.0 3.08 34.05 37.13 OK
r-release-macos-arm64 3.1.0 OK
r-release-macos-x86_64 3.1.0 3.00 56.00 59.00 OK
r-release-windows-x86_64 3.1.0 5.00 55.00 60.00 OK
r-oldrel-macos-arm64 3.1.0 OK
r-oldrel-macos-x86_64 3.1.0 2.00 39.00 41.00 OK
r-oldrel-windows-x86_64 3.1.0 6.00 66.00 72.00 OK

Check Details

Version: 3.1.0
Check: CRAN incoming feasibility
Result: NOTE Maintainer: ‘Taylor B. Arnold <tarnold2@richmond.edu>’ No Authors@R field in DESCRIPTION. Please add one, modifying Authors@R: person(given = c("Taylor", "B."), family = "Arnold", role = c("aut", "cre"), email = "tarnold2@richmond.edu") as necessary. Flavors: r-devel-linux-x86_64-debian-clang, r-devel-linux-x86_64-debian-gcc