Last updated on 2025-07-15 23:51:16 CEST.
Flavor | Version | Tinstall | Tcheck | Ttotal | Status | Flags |
---|---|---|---|---|---|---|
r-devel-linux-x86_64-debian-clang | 0.4.5 | 5.87 | 56.69 | 62.56 | OK | |
r-devel-linux-x86_64-debian-gcc | 0.4.5 | 4.11 | 41.96 | 46.07 | OK | |
r-devel-linux-x86_64-fedora-clang | 0.4.5 | 94.93 | OK | |||
r-devel-linux-x86_64-fedora-gcc | 0.4.5 | 109.68 | OK | |||
r-devel-windows-x86_64 | 0.4.5 | 6.00 | 72.00 | 78.00 | OK | |
r-patched-linux-x86_64 | 0.4.5 | 5.44 | 53.20 | 58.64 | OK | |
r-release-linux-x86_64 | 0.4.5 | 5.97 | 52.30 | 58.27 | OK | |
r-release-macos-arm64 | 0.4.5 | 43.00 | OK | |||
r-release-macos-x86_64 | 0.4.5 | 69.00 | OK | |||
r-release-windows-x86_64 | 0.4.5 | 7.00 | 84.00 | 91.00 | OK | |
r-oldrel-macos-arm64 | 0.4.5 | 37.00 | NOTE | |||
r-oldrel-macos-x86_64 | 0.4.5 | 54.00 | NOTE | |||
r-oldrel-windows-x86_64 | 0.4.5 | 8.00 | 86.00 | 94.00 | NOTE |
Version: 0.4.5
Check: LazyData
Result: NOTE
'LazyData' is specified without a 'data' directory
Flavors: r-oldrel-macos-arm64, r-oldrel-macos-x86_64, r-oldrel-windows-x86_64