Last updated on 2025-11-27 12:49:34 CET.
| Flavor | Version | Tinstall | Tcheck | Ttotal | Status | Flags |
|---|---|---|---|---|---|---|
| r-devel-linux-x86_64-debian-clang | 1.2.3 | 0.37 | 3.34 | 3.71 | ERROR | |
| r-devel-linux-x86_64-debian-gcc | 1.2.3 | 0.31 | 2.78 | 3.09 | ERROR | |
| r-devel-linux-x86_64-fedora-clang | 1.2.3 | 111.00 | 1493.81 | 1604.81 | OK | |
| r-devel-linux-x86_64-fedora-gcc | 1.2.3 | 203.00 | 1418.27 | 1621.27 | OK | |
| r-devel-windows-x86_64 | 1.2.3 | 50.00 | 734.00 | 784.00 | OK | |
| r-patched-linux-x86_64 | 1.2.3 | 0.35 | 1.93 | 2.28 | ERROR | |
| r-release-linux-x86_64 | 1.2.3 | 41.14 | 894.76 | 935.90 | OK | |
| r-release-macos-arm64 | 1.2.3 | OK | ||||
| r-release-macos-x86_64 | 1.2.3 | 56.00 | 506.00 | 562.00 | OK | |
| r-release-windows-x86_64 | 1.2.3 | 48.00 | 750.00 | 798.00 | OK | |
| r-oldrel-macos-arm64 | 1.2.3 | OK | ||||
| r-oldrel-macos-x86_64 | 1.2.3 | 50.00 | 564.00 | 614.00 | OK | |
| r-oldrel-windows-x86_64 | 1.2.3 | 69.00 | 1040.00 | 1109.00 | OK |
Version: 1.2.3
Check: package dependencies
Result: ERROR
Package required but not available: ‘mapview’
See section ‘The DESCRIPTION file’ in the ‘Writing R Extensions’
manual.
Flavors: r-devel-linux-x86_64-debian-clang, r-devel-linux-x86_64-debian-gcc, r-patched-linux-x86_64