Last updated on 2025-11-27 12:49:34 CET.
| Flavor | Version | Tinstall | Tcheck | Ttotal | Status | Flags |
|---|---|---|---|---|---|---|
| r-devel-linux-x86_64-debian-clang | 2.0.3 | 480.25 | 405.24 | 885.49 | OK | |
| r-devel-linux-x86_64-debian-gcc | 2.0.3 | 330.90 | 236.22 | 567.12 | OK | |
| r-devel-linux-x86_64-fedora-clang | 2.0.3 | 720.00 | 936.21 | 1656.21 | OK | |
| r-devel-linux-x86_64-fedora-gcc | 2.0.3 | 720.00 | 785.31 | 1505.31 | OK | |
| r-devel-windows-x86_64 | 2.0.3 | 618.00 | 438.00 | 1056.00 | OK | |
| r-patched-linux-x86_64 | 2.0.3 | 509.41 | 333.29 | 842.70 | OK | |
| r-release-linux-x86_64 | 2.0.3 | 505.14 | 335.08 | 840.22 | OK | |
| r-release-macos-arm64 | 2.0.3 | OK | ||||
| r-release-macos-x86_64 | 2.0.3 | 149.00 | 368.00 | 517.00 | OK | |
| r-release-windows-x86_64 | 2.0.3 | 517.00 | 438.00 | 955.00 | OK | |
| r-oldrel-macos-arm64 | 2.0.3 | NOTE | ||||
| r-oldrel-macos-x86_64 | 2.0.3 | 153.00 | 360.00 | 513.00 | NOTE | |
| r-oldrel-windows-x86_64 | 2.0.3 | 642.00 | 524.00 | 1166.00 | NOTE |
Version: 2.0.3
Check: installed package size
Result: NOTE
installed size is 34.7Mb
sub-directories of 1Mb or more:
data 1.1Mb
doc 2.8Mb
libs 30.2Mb
Flavors: r-oldrel-macos-arm64, r-oldrel-macos-x86_64, r-oldrel-windows-x86_64