Last updated on 2025-11-27 12:49:34 CET.
| Flavor | Version | Tinstall | Tcheck | Ttotal | Status | Flags |
|---|---|---|---|---|---|---|
| r-devel-linux-x86_64-debian-clang | 0.10.6 | 5.02 | 57.90 | 62.92 | OK | |
| r-devel-linux-x86_64-debian-gcc | 0.10.6 | 3.45 | 43.36 | 46.81 | OK | |
| r-devel-linux-x86_64-fedora-clang | 0.10.6 | 11.00 | 86.24 | 97.24 | ERROR | |
| r-devel-linux-x86_64-fedora-gcc | 0.10.6 | 21.00 | 80.96 | 101.96 | ERROR | |
| r-devel-windows-x86_64 | 0.10.6 | 9.00 | 69.00 | 78.00 | OK | |
| r-patched-linux-x86_64 | 0.10.6 | 5.52 | 54.57 | 60.09 | OK | |
| r-release-linux-x86_64 | 0.10.6 | 5.22 | 54.17 | 59.39 | OK | |
| r-release-macos-arm64 | 0.10.6 | OK | ||||
| r-release-macos-x86_64 | 0.10.6 | 5.00 | 50.00 | 55.00 | OK | |
| r-release-windows-x86_64 | 0.10.6 | 8.00 | 70.00 | 78.00 | OK | |
| r-oldrel-macos-arm64 | 0.10.6 | OK | ||||
| r-oldrel-macos-x86_64 | 0.10.6 | 5.00 | 69.00 | 74.00 | OK | |
| r-oldrel-windows-x86_64 | 0.10.6 | 9.00 | 82.00 | 91.00 | OK |
Version: 0.10.6
Check: tests
Result: ERROR
Running ‘testthat.R’ [39s/29s]
Running the tests in ‘tests/testthat.R’ failed.
Complete output:
> # This file is part of the standard setup for testthat.
> # It is recommended that you do not modify it.
> #
> # Where should you do additional test configuration?
> # Learn more about the roles of various files in:
> # * https://r-pkgs.org/tests.html
> # * https://testthat.r-lib.org/reference/test_package.html#special-files
>
> library(testthat)
> library(box.linters)
>
> test_check("box.linters")
Starting 2 test processes.
Saving _problems/test-general-13.R
Saving _problems/test-non-syntactic-names-35.R
> test-use_box_lintr.R: v box.linters .lintr file successfully written!
> test-use_box_lintr.R: v box.linters .lintr file successfully written!
> test-style_box_use.R: i No `box::use()` calls found. No changes were made to the text.
> test-style_box_use.R: Nothing to modify in `app_1.R`.
> test-style_box_use.R: Modified the following files:
> test-style_box_use.R: app/app_1.R
> test-style_box_use.R: main.R
> test-style_box_use.R: --------------------------------------------------------------------------------
> test-style_box_use.R: Count Legend
> test-style_box_use.R: 1 File/s unchanged.
> test-style_box_use.R: 2 File/s changed.
> test-style_box_use.R: --------------------------------------------------------------------------------
> test-style_box_use.R: Modified the following files:
> test-style_box_use.R: app/app_1.R
> test-style_box_use.R: main.R
> test-style_box_use.R: --------------------------------------------------------------------------------
> test-style_box_use.R: Count Legend
> test-style_box_use.R: 1 File/s unchanged.
> test-style_box_use.R: 2 File/s changed.
> test-style_box_use.R: --------------------------------------------------------------------------------
> test-style_box_use.R: Modified the following files:
> test-style_box_use.R: app/app_1.R
> test-style_box_use.R: --------------------------------------------------------------------------------
> test-style_box_use.R: Count Legend
> test-style_box_use.R: 1 File/s unchanged.
> test-style_box_use.R: 2 File/s changed.
> test-style_box_use.R: main.R
> test-style_box_use.R: --------------------------------------------------------------------------------
> test-style_box_use.R:
> test-style_box_use.R: Modified the following files:
> test-style_box_use.R: app/app_1.R
> test-style_box_use.R: main.R
> test-style_box_use.R: --------------------------------------------------------------------------------
> test-style_box_use.R: Count Legend
> test-style_box_use.R: 1 File/s unchanged.
> test-style_box_use.R: 2 File/s changed.
> test-style_box_use.R: --------------------------------------------------------------------------------
> test-style_box_use.R: Modified the following files:
> test-style_box_use.R: app/app_1.R
> test-style_box_use.R: main.R
> test-style_box_use.R: --------------------------------------------------------------------------------
> test-style_box_use.R:
> test-style_box_use.R: Count Legend
> test-style_box_use.R: 0 File/s unchanged.
> test-style_box_use.R: 2 File/s changed.
> test-style_box_use.R: --------------------------------------------------------------------------------
[ FAIL 2 | WARN 2 | SKIP 0 | PASS 437 ]
══ Failed tests ════════════════════════════════════════════════════════════════
── Failure ('test-general.R:13:3'): Should skip columns in dplyr commands ──────
got 2 lints instead of 0
list(filename = "/tmp/RtmpMeWX8j/working_dir/Rtmp9AIxZE/file3953bcdbfb186", line_number = 6, column_number = 8, type = "style", message = "Use the |> pipe operator instead of the %>% pipe operator.", line = "mtcars %>%", ranges = list(c(8, 10)), linter = "pipe_consistency_linter")
list(filename = "/tmp/RtmpMeWX8j/working_dir/Rtmp9AIxZE/file3953bcdbfb186", line_number = 7, column_number = 20, type = "style", message = "Use the |> pipe operator instead of the %>% pipe operator.", line = " select(mpg, cyl) %>%", ranges = list(c(20, 22)), linter = "pipe_consistency_linter")
── Failure ('test-non-syntactic-names.R:35:3'): Should skip allowed non-syntactic names: package special ──
got 1 lints instead of 0
list(filename = "/tmp/RtmpMeWX8j/working_dir/RtmpKYYm8Y/file3953db6916a8d0", line_number = 6, column_number = 12, type = "style", message = "Use the |> pipe operator instead of the %>% pipe operator.", line = "c(1, 2, 3) %>% sum()", ranges = list(c(12, 14)), linter = "pipe_consistency_linter")
[ FAIL 2 | WARN 2 | SKIP 0 | PASS 437 ]
Error:
! Test failures.
Execution halted
Flavor: r-devel-linux-x86_64-fedora-clang
Version: 0.10.6
Check: tests
Result: ERROR
Running ‘testthat.R’ [40s/47s]
Running the tests in ‘tests/testthat.R’ failed.
Complete output:
> # This file is part of the standard setup for testthat.
> # It is recommended that you do not modify it.
> #
> # Where should you do additional test configuration?
> # Learn more about the roles of various files in:
> # * https://r-pkgs.org/tests.html
> # * https://testthat.r-lib.org/reference/test_package.html#special-files
>
> library(testthat)
> library(box.linters)
>
> test_check("box.linters")
Starting 2 test processes.
Saving _problems/test-general-13.R
Saving _problems/test-non-syntactic-names-35.R
> test-use_box_lintr.R: v box.linters .lintr file successfully written!
> test-use_box_lintr.R: v box.linters .lintr file successfully written!
> test-style_box_use.R: i No `box::use()` calls found. No changes were made to the text.
> test-style_box_use.R: Nothing to modify in `app_1.R`.
> test-style_box_use.R: Modified the following files:
> test-style_box_use.R: app/app_1.R
> test-style_box_use.R: main.R
> test-style_box_use.R: --------------------------------------------------------------------------------
> test-style_box_use.R: Count Legend
> test-style_box_use.R: 1 File/s unchanged.
> test-style_box_use.R: 2 File/s changed.
> test-style_box_use.R: --------------------------------------------------------------------------------
> test-style_box_use.R: Modified the following files:
> test-style_box_use.R: app/app_1.R
> test-style_box_use.R: main.R
> test-style_box_use.R: --------------------------------------------------------------------------------
> test-style_box_use.R: Count Legend
> test-style_box_use.R: 1 File/s unchanged.
> test-style_box_use.R: 2 File/s changed.
> test-style_box_use.R: --------------------------------------------------------------------------------
> test-style_box_use.R: Modified the following files:
> test-style_box_use.R: app/app_1.R
> test-style_box_use.R: main.R
> test-style_box_use.R: --------------------------------------------------------------------------------
> test-style_box_use.R: Count Legend
> test-style_box_use.R: 1 File/s unchanged.
> test-style_box_use.R: 2 File/s changed.
> test-style_box_use.R: --------------------------------------------------------------------------------
> test-style_box_use.R: Modified the following files:
> test-style_box_use.R: app/app_1.R
> test-style_box_use.R: main.R
> test-style_box_use.R: --------------------------------------------------------------------------------
> test-style_box_use.R: Count Legend
> test-style_box_use.R: 1 File/s unchanged.
> test-style_box_use.R: 2 File/s changed.
> test-style_box_use.R: --------------------------------------------------------------------------------
> test-style_box_use.R: Modified the following files:
> test-style_box_use.R: app/app_1.R
> test-style_box_use.R: main.R
> test-style_box_use.R: --------------------------------------------------------------------------------
> test-style_box_use.R: Count Legend
> test-style_box_use.R: 0 File/s unchanged.
> test-style_box_use.R: 2 File/s changed.
> test-style_box_use.R: --------------------------------------------------------------------------------
[ FAIL 2 | WARN 2 | SKIP 0 | PASS 437 ]
══ Failed tests ════════════════════════════════════════════════════════════════
── Failure ('test-general.R:13:3'): Should skip columns in dplyr commands ──────
got 2 lints instead of 0
list(filename = "/tmp/Rtmp58ESk7/working_dir/RtmpGHG1jZ/file3bee7f2a0dafac", line_number = 6, column_number = 8, type = "style", message = "Use the |> pipe operator instead of the %>% pipe operator.", line = "mtcars %>%", ranges = list(c(8, 10)), linter = "pipe_consistency_linter")
list(filename = "/tmp/Rtmp58ESk7/working_dir/RtmpGHG1jZ/file3bee7f2a0dafac", line_number = 7, column_number = 20, type = "style", message = "Use the |> pipe operator instead of the %>% pipe operator.", line = " select(mpg, cyl) %>%", ranges = list(c(20, 22)), linter = "pipe_consistency_linter")
── Failure ('test-non-syntactic-names.R:35:3'): Should skip allowed non-syntactic names: package special ──
got 1 lints instead of 0
list(filename = "/tmp/Rtmp58ESk7/working_dir/RtmpGHG1jZ/file3bee7fd9df430", line_number = 6, column_number = 12, type = "style", message = "Use the |> pipe operator instead of the %>% pipe operator.", line = "c(1, 2, 3) %>% sum()", ranges = list(c(12, 14)), linter = "pipe_consistency_linter")
[ FAIL 2 | WARN 2 | SKIP 0 | PASS 437 ]
Error:
! Test failures.
Execution halted
Flavor: r-devel-linux-x86_64-fedora-gcc