Last updated on 2025-07-15 23:51:15 CEST.
Flavor | Version | Tinstall | Tcheck | Ttotal | Status | Flags |
---|---|---|---|---|---|---|
r-devel-linux-x86_64-debian-clang | 0.0.5 | 414.26 | 183.27 | 597.53 | OK | |
r-devel-linux-x86_64-debian-gcc | 0.0.5 | 371.26 | 130.65 | 501.91 | OK | |
r-devel-linux-x86_64-fedora-clang | 0.0.5 | 1179.20 | OK | |||
r-devel-linux-x86_64-fedora-gcc | 0.0.5 | 398.40 | ERROR | |||
r-devel-windows-x86_64 | 0.0.5 | 605.00 | 296.00 | 901.00 | OK | |
r-patched-linux-x86_64 | 0.0.4 | 527.16 | 170.70 | 697.86 | OK | |
r-release-linux-x86_64 | 0.0.4 | 511.40 | 169.81 | 681.21 | OK | |
r-release-macos-arm64 | 0.0.4 | 267.00 | OK | |||
r-release-macos-x86_64 | 0.0.5 | 416.00 | OK | |||
r-release-windows-x86_64 | 0.0.5 | 461.00 | 308.00 | 769.00 | OK | |
r-oldrel-macos-arm64 | 0.0.4 | 251.00 | NOTE | |||
r-oldrel-macos-x86_64 | 0.0.5 | 362.00 | NOTE | |||
r-oldrel-windows-x86_64 | 0.0.5 | 502.00 | 329.00 | 831.00 | OK |
Version: 0.0.5
Check: whether package can be installed
Result: ERROR
Installation failed.
Flavor: r-devel-linux-x86_64-fedora-gcc
Version: 0.0.4
Check: installed package size
Result: NOTE
installed size is 34.0Mb
sub-directories of 1Mb or more:
libs 33.2Mb
Flavor: r-oldrel-macos-arm64
Version: 0.0.5
Check: installed package size
Result: NOTE
installed size is 35.0Mb
sub-directories of 1Mb or more:
libs 34.2Mb
Flavor: r-oldrel-macos-x86_64