Last updated on 2025-11-27 18:48:35 CET.
| Flavor | Version | Tinstall | Tcheck | Ttotal | Status | Flags |
|---|---|---|---|---|---|---|
| r-devel-linux-x86_64-debian-clang | 1.3.3 | 75.67 | 167.70 | 243.37 | OK | |
| r-devel-linux-x86_64-debian-gcc | 1.3.3 | 43.36 | 107.46 | 150.82 | OK | |
| r-devel-linux-x86_64-fedora-clang | 1.3.3 | 114.00 | 280.98 | 394.98 | OK | |
| r-devel-linux-x86_64-fedora-gcc | 1.3.3 | 111.00 | 266.83 | 377.83 | OK | |
| r-devel-windows-x86_64 | 1.3.3 | 82.00 | 173.00 | 255.00 | OK | |
| r-patched-linux-x86_64 | 1.3.3 | 70.45 | 152.75 | 223.20 | OK | |
| r-release-linux-x86_64 | 1.3.3 | 66.32 | 150.58 | 216.90 | OK | |
| r-release-macos-arm64 | 1.3.3 | OK | ||||
| r-release-macos-x86_64 | 1.3.3 | 49.00 | 135.00 | 184.00 | OK | |
| r-release-windows-x86_64 | 1.3.3 | 68.00 | 174.00 | 242.00 | OK | |
| r-oldrel-macos-arm64 | 1.3.3 | NOTE | ||||
| r-oldrel-macos-x86_64 | 1.3.3 | 46.00 | 135.00 | 181.00 | NOTE | |
| r-oldrel-windows-x86_64 | 1.3.3 | 95.00 | 263.00 | 358.00 | OK |
Version: 1.3.3
Check: installed package size
Result: NOTE
installed size is 5.9Mb
sub-directories of 1Mb or more:
libs 4.7Mb
Flavors: r-oldrel-macos-arm64, r-oldrel-macos-x86_64