Last updated on 2025-11-27 12:49:34 CET.
| Flavor | Version | Tinstall | Tcheck | Ttotal | Status | Flags |
|---|---|---|---|---|---|---|
| r-devel-linux-x86_64-debian-clang | 0.2.3 | 49.26 | 55.12 | 104.38 | OK | |
| r-devel-linux-x86_64-debian-gcc | 0.2.3 | 35.81 | 41.36 | 77.17 | OK | |
| r-devel-linux-x86_64-fedora-clang | 0.2.3 | 79.00 | 105.24 | 184.24 | OK | |
| r-devel-linux-x86_64-fedora-gcc | 0.2.3 | 79.00 | 95.02 | 174.02 | OK | |
| r-devel-windows-x86_64 | 0.2.3 | 72.00 | 92.00 | 164.00 | OK | |
| r-patched-linux-x86_64 | 0.2.3 | 52.19 | 52.69 | 104.88 | OK | |
| r-release-linux-x86_64 | 0.2.3 | 45.90 | 52.52 | 98.42 | OK | |
| r-release-macos-arm64 | 0.2.3 | OK | ||||
| r-release-macos-x86_64 | 0.2.3 | 34.00 | 60.00 | 94.00 | OK | |
| r-release-windows-x86_64 | 0.2.3 | 57.00 | 91.00 | 148.00 | OK | |
| r-oldrel-macos-arm64 | 0.2.3 | NOTE | ||||
| r-oldrel-macos-x86_64 | 0.2.3 | 19.00 | 35.00 | 54.00 | NOTE | |
| r-oldrel-windows-x86_64 | 0.2.3 | 72.00 | 160.00 | 232.00 | OK |
Version: 0.2.3
Check: installed package size
Result: NOTE
installed size is 5.6Mb
sub-directories of 1Mb or more:
libs 4.6Mb
Flavors: r-oldrel-macos-arm64, r-oldrel-macos-x86_64