Last updated on 2025-07-19 14:48:21 CEST.
Flavor | Version | Tinstall | Tcheck | Ttotal | Status | Flags |
---|---|---|---|---|---|---|
r-devel-linux-x86_64-debian-clang | 2.0.2 | 83.35 | 32.60 | 115.95 | NOTE | |
r-devel-linux-x86_64-debian-gcc | 2.0.2 | 57.21 | 26.48 | 83.69 | NOTE | |
r-devel-linux-x86_64-fedora-clang | 2.0.2 | 220.40 | OK | |||
r-devel-linux-x86_64-fedora-gcc | 2.0.2 | 210.00 | OK | |||
r-devel-windows-x86_64 | 2.0.2 | 91.00 | 74.00 | 165.00 | OK | |
r-patched-linux-x86_64 | 2.0.2 | 79.20 | 31.40 | 110.60 | OK | |
r-release-linux-x86_64 | 2.0.2 | 78.65 | 31.27 | 109.92 | OK | |
r-release-macos-arm64 | 2.0.2 | 66.00 | OK | |||
r-release-macos-x86_64 | 2.0.2 | 70.00 | OK | |||
r-release-windows-x86_64 | 2.0.2 | 91.00 | 72.00 | 163.00 | OK | |
r-oldrel-macos-arm64 | 2.0.2 | 35.00 | NOTE | |||
r-oldrel-macos-x86_64 | 2.0.2 | 45.00 | NOTE | |||
r-oldrel-windows-x86_64 | 2.0.2 | 111.00 | 87.00 | 198.00 | NOTE |
Version: 2.0.2
Check: CRAN incoming feasibility
Result: NOTE
Maintainer: ‘Jared S. Murray <jared.murray@mccombs.utexas.edu>’
The Description field contains
<arXiv:1309.1906>.
Please refer to arXiv e-prints via their arXiv DOI <doi:10.48550/arXiv.YYMM.NNNNN>.
Flavors: r-devel-linux-x86_64-debian-clang, r-devel-linux-x86_64-debian-gcc
Version: 2.0.2
Check: installed package size
Result: NOTE
installed size is 7.5Mb
sub-directories of 1Mb or more:
libs 6.4Mb
Flavors: r-oldrel-macos-arm64, r-oldrel-macos-x86_64
Version: 2.0.2
Check: for GNU extensions in Makefiles
Result: NOTE
GNU make is a SystemRequirements.
Flavors: r-oldrel-macos-arm64, r-oldrel-macos-x86_64, r-oldrel-windows-x86_64