CRAN Package Check Results for Package automl

Last updated on 2025-07-09 14:49:45 CEST.

Flavor Version Tinstall Tcheck Ttotal Status Flags
r-devel-linux-x86_64-debian-clang 1.3.2 3.98 35.15 39.13 OK
r-devel-linux-x86_64-debian-gcc 1.3.2 3.12 26.02 29.14 OK
r-devel-linux-x86_64-fedora-clang 1.3.2 60.90 OK
r-devel-linux-x86_64-fedora-gcc 1.3.2 71.77 OK
r-devel-windows-x86_64 1.3.2 4.00 61.00 65.00 OK
r-patched-linux-x86_64 1.3.2 4.58 32.66 37.24 OK
r-release-linux-x86_64 1.3.2 4.13 32.58 36.71 OK
r-release-macos-arm64 1.3.2 25.00 OK
r-release-macos-x86_64 1.3.2 47.00 OK
r-release-windows-x86_64 1.3.2 4.00 65.00 69.00 OK
r-oldrel-macos-arm64 1.3.2 27.00 NOTE
r-oldrel-macos-x86_64 1.3.2 41.00 NOTE
r-oldrel-windows-x86_64 1.3.2 5.00 58.00 63.00 NOTE

Check Details

Version: 1.3.2
Check: LazyData
Result: NOTE 'LazyData' is specified without a 'data' directory Flavors: r-oldrel-macos-arm64, r-oldrel-macos-x86_64, r-oldrel-windows-x86_64