Last updated on 2025-11-27 12:49:33 CET.
| Flavor | Version | Tinstall | Tcheck | Ttotal | Status | Flags |
|---|---|---|---|---|---|---|
| r-devel-linux-x86_64-debian-clang | 0.18.3 | 0.42 | 3.27 | 3.69 | ERROR | |
| r-devel-linux-x86_64-debian-gcc | 0.18.3 | 0.34 | 2.57 | 2.91 | ERROR | |
| r-devel-linux-x86_64-fedora-clang | 0.18.3 | 45.00 | 335.34 | 380.34 | OK | |
| r-devel-linux-x86_64-fedora-gcc | 0.18.3 | 89.00 | 304.20 | 393.20 | OK | |
| r-devel-windows-x86_64 | 0.18.3 | 30.00 | 201.00 | 231.00 | OK | |
| r-patched-linux-x86_64 | 0.18.3 | 0.43 | 2.06 | 2.49 | ERROR | |
| r-release-linux-x86_64 | 0.18.3 | 21.86 | 208.18 | 230.04 | OK | |
| r-release-macos-arm64 | 0.18.3 | OK | ||||
| r-release-macos-x86_64 | 0.18.3 | 15.00 | 138.00 | 153.00 | OK | |
| r-release-windows-x86_64 | 0.18.3 | 22.00 | 201.00 | 223.00 | OK | |
| r-oldrel-macos-arm64 | 0.18.3 | OK | ||||
| r-oldrel-macos-x86_64 | 0.18.3 | 13.00 | 161.00 | 174.00 | OK | |
| r-oldrel-windows-x86_64 | 0.18.3 | 33.00 | 262.00 | 295.00 | OK |
Version: 0.18.3
Check: package dependencies
Result: ERROR
Package required but not available: ‘geojsonio’
See section ‘The DESCRIPTION file’ in the ‘Writing R Extensions’
manual.
Flavors: r-devel-linux-x86_64-debian-clang, r-devel-linux-x86_64-debian-gcc, r-patched-linux-x86_64