Last updated on 2025-11-27 12:49:32 CET.
| Flavor | Version | Tinstall | Tcheck | Ttotal | Status | Flags |
|---|---|---|---|---|---|---|
| r-devel-linux-x86_64-debian-clang | 1.0.2 | 15.03 | 48.50 | 63.53 | NOTE | |
| r-devel-linux-x86_64-debian-gcc | 1.0.2 | 11.45 | 37.66 | 49.11 | NOTE | |
| r-devel-linux-x86_64-fedora-clang | 1.0.2 | 44.00 | 63.14 | 107.14 | NOTE | |
| r-devel-linux-x86_64-fedora-gcc | 1.0.2 | 40.00 | 55.67 | 95.67 | NOTE | |
| r-devel-windows-x86_64 | 1.0.2 | 28.00 | 80.00 | 108.00 | NOTE | |
| r-patched-linux-x86_64 | 1.0.2 | 15.99 | 44.28 | 60.27 | NOTE | |
| r-release-linux-x86_64 | 1.0.2 | 14.94 | 44.47 | 59.41 | NOTE | |
| r-release-macos-arm64 | 1.0.2 | NOTE | ||||
| r-release-macos-x86_64 | 1.0.2 | 10.00 | 55.00 | 65.00 | NOTE | |
| r-release-windows-x86_64 | 1.0.2 | 24.00 | 110.00 | 134.00 | NOTE | |
| r-oldrel-macos-arm64 | 1.0.2 | NOTE | ||||
| r-oldrel-macos-x86_64 | 1.0.2 | 7.00 | 41.00 | 48.00 | NOTE | |
| r-oldrel-windows-x86_64 | 1.0.2 | 25.00 | 99.00 | 124.00 | NOTE |
Version: 1.0.2
Check: C++ specification
Result: NOTE
Specified C++11: please drop specification unless essential
Flavors: r-devel-linux-x86_64-debian-clang, r-devel-linux-x86_64-debian-gcc, r-devel-windows-x86_64, r-patched-linux-x86_64, r-release-linux-x86_64, r-release-macos-arm64, r-release-macos-x86_64, r-release-windows-x86_64, r-oldrel-macos-arm64, r-oldrel-macos-x86_64, r-oldrel-windows-x86_64
Version: 1.0.2
Check: C++ specification
Result: NOTE
Specified C++11: support will be removed soon
Flavors: r-devel-linux-x86_64-fedora-clang, r-devel-linux-x86_64-fedora-gcc