Last updated on 2025-07-28 07:50:24 CEST.
Flavor | Version | Tinstall | Tcheck | Ttotal | Status | Flags |
---|---|---|---|---|---|---|
r-devel-linux-x86_64-debian-clang | 0.4.1 | 4.78 | 53.01 | 57.79 | OK | |
r-devel-linux-x86_64-debian-gcc | 0.4.1 | 2.75 | 37.44 | 40.19 | OK | |
r-devel-linux-x86_64-fedora-clang | 0.4.1 | 88.68 | NOTE | |||
r-devel-linux-x86_64-fedora-gcc | 0.4.1 | 153.04 | NOTE | |||
r-devel-windows-x86_64 | 0.4.1 | 8.00 | 75.00 | 83.00 | OK | |
r-patched-linux-x86_64 | 0.4.1 | 4.05 | 47.69 | 51.74 | OK | |
r-release-linux-x86_64 | 0.4.1 | 4.45 | 47.50 | 51.95 | OK | |
r-release-macos-arm64 | 0.4.1 | 47.00 | OK | |||
r-release-macos-x86_64 | 0.4.1 | 90.00 | OK | |||
r-release-windows-x86_64 | 0.4.1 | 6.00 | 64.00 | 70.00 | OK | |
r-oldrel-macos-arm64 | 0.4.1 | 45.00 | OK | |||
r-oldrel-macos-x86_64 | 0.4.1 | 73.00 | OK | |||
r-oldrel-windows-x86_64 | 0.4.1 | 8.00 | 79.00 | 87.00 | OK |
Version: 0.4.1
Check: dependencies in R code
Result: NOTE
Namespaces in Imports field not imported from:
‘knitr’ ‘randomNames’ ‘tidyr’
All declared Imports should be used.
Flavors: r-devel-linux-x86_64-fedora-clang, r-devel-linux-x86_64-fedora-gcc