CRAN Package Check Results for Package agghoo

Last updated on 2025-07-16 05:49:17 CEST.

Flavor Version Tinstall Tcheck Ttotal Status Flags
r-devel-linux-x86_64-debian-clang 0.1-0 3.70 20.52 24.22 NOTE
r-devel-linux-x86_64-debian-gcc 0.1-0 2.40 16.65 19.05 NOTE
r-devel-linux-x86_64-fedora-clang 0.1-0 37.49 OK
r-devel-linux-x86_64-fedora-gcc 0.1-0 35.72 OK
r-devel-windows-x86_64 0.1-0 4.00 42.00 46.00 OK
r-patched-linux-x86_64 0.1-0 3.50 19.35 22.85 OK
r-release-linux-x86_64 0.1-0 3.59 19.25 22.84 OK
r-release-macos-arm64 0.1-0 18.00 OK
r-release-macos-x86_64 0.1-0 27.00 OK
r-release-windows-x86_64 0.1-0 5.00 47.00 52.00 OK
r-oldrel-macos-arm64 0.1-0 24.00 OK
r-oldrel-macos-x86_64 0.1-0 22.00 OK
r-oldrel-windows-x86_64 0.1-0 6.00 46.00 52.00 OK

Check Details

Version: 0.1-0
Check: CRAN incoming feasibility
Result: NOTE Maintainer: ‘Benjamin Auder <benjamin.auder@universite-paris-saclay.fr>’ The Description field contains Maillard, Sylvain Arlot, Matthieu Lerasle (2021) <arXiv:1909.04890> Please refer to arXiv e-prints via their arXiv DOI <doi:10.48550/arXiv.YYMM.NNNNN>. Flavors: r-devel-linux-x86_64-debian-clang, r-devel-linux-x86_64-debian-gcc