CRAN Package Check Results for Package add2ggplot

Last updated on 2025-07-24 06:49:20 CEST.

Flavor Version Tinstall Tcheck Ttotal Status Flags
r-devel-linux-x86_64-debian-clang 0.3.0 5.34 55.37 60.71 OK
r-devel-linux-x86_64-debian-gcc 0.3.0 4.13 40.77 44.90 OK
r-devel-linux-x86_64-fedora-clang 0.3.0 94.59 OK
r-devel-linux-x86_64-fedora-gcc 0.3.0 101.34 OK
r-devel-windows-x86_64 0.3.0 9.00 67.00 76.00 OK
r-patched-linux-x86_64 0.3.0 5.52 49.77 55.29 OK
r-release-linux-x86_64 0.3.0 5.35 49.64 54.99 OK
r-release-macos-arm64 0.3.0 48.00 OK
r-release-macos-x86_64 0.3.0 59.00 OK
r-release-windows-x86_64 0.3.0 7.00 67.00 74.00 OK
r-oldrel-macos-arm64 0.3.0 33.00 NOTE
r-oldrel-macos-x86_64 0.3.0 50.00 NOTE
r-oldrel-windows-x86_64 0.3.0 10.00 82.00 92.00 NOTE

Check Details

Version: 0.3.0
Check: LazyData
Result: NOTE 'LazyData' is specified without a 'data' directory Flavors: r-oldrel-macos-arm64, r-oldrel-macos-x86_64, r-oldrel-windows-x86_64