Last updated on 2025-11-27 12:49:32 CET.
| Flavor | Version | Tinstall | Tcheck | Ttotal | Status | Flags |
|---|---|---|---|---|---|---|
| r-devel-linux-x86_64-debian-clang | 1.0.0 | 1.59 | 45.40 | 46.99 | NOTE | |
| r-devel-linux-x86_64-debian-gcc | 1.0.0 | 1.34 | 34.98 | 36.32 | NOTE | |
| r-devel-linux-x86_64-fedora-clang | 1.0.0 | 70.03 | OK | |||
| r-devel-linux-x86_64-fedora-gcc | 1.0.0 | 82.30 | OK | |||
| r-devel-windows-x86_64 | 1.0.0 | 7.00 | 62.00 | 69.00 | OK | |
| r-patched-linux-x86_64 | 1.0.0 | 1.63 | 43.40 | 45.03 | OK | |
| r-release-linux-x86_64 | 1.0.0 | 1.35 | 43.48 | 44.83 | OK | |
| r-release-macos-arm64 | 1.0.0 | OK | ||||
| r-release-macos-x86_64 | 1.0.0 | 2.00 | 61.00 | 63.00 | OK | |
| r-release-windows-x86_64 | 1.0.0 | 3.00 | 62.00 | 65.00 | OK | |
| r-oldrel-macos-arm64 | 1.0.0 | OK | ||||
| r-oldrel-macos-x86_64 | 1.0.0 | 1.00 | 46.00 | 47.00 | OK | |
| r-oldrel-windows-x86_64 | 1.0.0 | 3.00 | 75.00 | 78.00 | OK |
Version: 1.0.0
Check: CRAN incoming feasibility
Result: NOTE
Maintainer: ‘Morgane Pierre-Jean <morgane.pierrejean@genopole.cnrs.fr>’
Package CITATION file contains call(s) to old-style personList() or
as.personList(). Please use c() on person objects instead.
Package CITATION file contains call(s) to old-style citEntry(). Please
use bibentry() instead.
Flavors: r-devel-linux-x86_64-debian-clang, r-devel-linux-x86_64-debian-gcc