Last updated on 2025-07-16 17:49:18 CEST.
Flavor | Version | Tinstall | Tcheck | Ttotal | Status | Flags |
---|---|---|---|---|---|---|
r-devel-linux-x86_64-debian-clang | 0.6.0 | 2.49 | 31.13 | 33.62 | OK | |
r-devel-linux-x86_64-debian-gcc | 0.6.0 | 1.86 | 25.01 | 26.87 | OK | |
r-devel-linux-x86_64-fedora-clang | 0.6.0 | 52.76 | OK | |||
r-devel-linux-x86_64-fedora-gcc | 0.6.0 | 62.26 | OK | |||
r-devel-windows-x86_64 | 0.6.0 | 5.00 | 49.00 | 54.00 | OK | |
r-patched-linux-x86_64 | 0.6.0 | 2.52 | 28.50 | 31.02 | OK | |
r-release-linux-x86_64 | 0.6.0 | 2.31 | 28.47 | 30.78 | OK | |
r-release-macos-arm64 | 0.6.0 | 33.00 | OK | |||
r-release-macos-x86_64 | 0.6.0 | 50.00 | OK | |||
r-release-windows-x86_64 | 0.6.0 | 4.00 | 53.00 | 57.00 | OK | |
r-oldrel-macos-arm64 | 0.6.0 | 25.00 | NOTE | |||
r-oldrel-macos-x86_64 | 0.6.0 | 41.00 | NOTE | |||
r-oldrel-windows-x86_64 | 0.6.0 | 5.00 | 57.00 | 62.00 | NOTE |
Version: 0.6.0
Check: LazyData
Result: NOTE
'LazyData' is specified without a 'data' directory
Flavors: r-oldrel-macos-arm64, r-oldrel-macos-x86_64, r-oldrel-windows-x86_64