CRAN Package Check Results for Package TopicScore

Last updated on 2025-07-27 01:48:37 CEST.

Flavor Version Tinstall Tcheck Ttotal Status Flags
r-devel-linux-x86_64-debian-clang 0.0.1 4.99 58.94 63.93 NOTE
r-devel-linux-x86_64-debian-gcc 0.0.1 4.91 43.22 48.13 NOTE
r-devel-linux-x86_64-fedora-clang 0.0.1 98.71 OK
r-devel-linux-x86_64-fedora-gcc 0.0.1 93.62 OK
r-devel-windows-x86_64 0.0.1 8.00 78.00 86.00 OK
r-patched-linux-x86_64 0.0.1 6.16 55.89 62.05 OK
r-release-linux-x86_64 0.0.1 5.95 55.61 61.56 OK
r-release-macos-arm64 0.0.1 38.00 OK
r-release-macos-x86_64 0.0.1 67.00 OK
r-release-windows-x86_64 0.0.1 8.00 70.00 78.00 OK
r-oldrel-macos-arm64 0.0.1 34.00 OK
r-oldrel-macos-x86_64 0.0.1 43.00 OK
r-oldrel-windows-x86_64 0.0.1 10.00 85.00 95.00 OK

Check Details

Version: 0.0.1
Check: CRAN incoming feasibility
Result: NOTE Maintainer: ‘Minzhe Wang <minzhew@uchicago.edu>’ The Description field contains (2017) <arXiv:1704.07016>. Please refer to arXiv e-prints via their arXiv DOI <doi:10.48550/arXiv.YYMM.NNNNN>. Flavors: r-devel-linux-x86_64-debian-clang, r-devel-linux-x86_64-debian-gcc