Last updated on 2025-07-13 16:49:31 CEST.
Flavor | Version | Tinstall | Tcheck | Ttotal | Status | Flags |
---|---|---|---|---|---|---|
r-devel-linux-x86_64-debian-clang | 1.0 | 2.15 | 24.08 | 26.23 | NOTE | |
r-devel-linux-x86_64-debian-gcc | 1.0 | 2.04 | 19.57 | 21.61 | NOTE | |
r-devel-linux-x86_64-fedora-clang | 1.0 | 41.31 | OK | |||
r-devel-linux-x86_64-fedora-gcc | 1.0 | 38.97 | OK | |||
r-devel-windows-x86_64 | 1.0 | 3.00 | 45.00 | 48.00 | OK | |
r-patched-linux-x86_64 | 1.0 | 2.26 | 23.25 | 25.51 | OK | |
r-release-linux-x86_64 | 1.0 | 2.29 | 22.92 | 25.21 | OK | |
r-release-macos-arm64 | 1.0 | 20.00 | OK | |||
r-release-macos-x86_64 | 1.0 | 29.00 | OK | |||
r-release-windows-x86_64 | 1.0 | 3.00 | 51.00 | 54.00 | OK | |
r-oldrel-macos-arm64 | 1.0 | 17.00 | OK | |||
r-oldrel-macos-x86_64 | 1.0 | 25.00 | OK | |||
r-oldrel-windows-x86_64 | 1.0 | 4.00 | 51.00 | 55.00 | OK |
Version: 1.0
Check: CRAN incoming feasibility
Result: NOTE
Maintainer: ‘Maxime Durand <duran1211@gmail.com>’
No Authors@R field in DESCRIPTION.
Please add one, modifying
Authors@R: person(given = "Maxime",
family = "Durand",
role = c("aut", "cre"),
email = "duran1211@gmail.com")
as necessary.
Flavors: r-devel-linux-x86_64-debian-clang, r-devel-linux-x86_64-debian-gcc