CRAN Package Check Results for Package SphereOptimize

Last updated on 2025-07-14 04:48:47 CEST.

Flavor Version Tinstall Tcheck Ttotal Status Flags
r-devel-linux-x86_64-debian-clang 0.1.1 1.64 16.94 18.58 NOTE
r-devel-linux-x86_64-debian-gcc 0.1.1 1.30 14.21 15.51 NOTE
r-devel-linux-x86_64-fedora-clang 0.1.1 28.24 OK
r-devel-linux-x86_64-fedora-gcc 0.1.1 27.26 OK
r-devel-windows-x86_64 0.1.1 2.00 34.00 36.00 OK
r-patched-linux-x86_64 0.1.1 1.64 15.66 17.30 OK
r-release-linux-x86_64 0.1.1 1.61 15.86 17.47 OK
r-release-macos-arm64 0.1.1 14.00 OK
r-release-macos-x86_64 0.1.1 21.00 OK
r-release-windows-x86_64 0.1.1 2.00 34.00 36.00 OK
r-oldrel-macos-arm64 0.1.1 13.00 NOTE
r-oldrel-macos-x86_64 0.1.1 20.00 NOTE
r-oldrel-windows-x86_64 0.1.1 4.00 34.00 38.00 NOTE

Check Details

Version: 0.1.1
Check: CRAN incoming feasibility
Result: NOTE Maintainer: ‘Yijun Xie <yijun.xie@uwaterloo.ca>’ No Authors@R field in DESCRIPTION. Please add one, modifying Authors@R: person(given = "Yijun", family = "Xie", role = c("aut", "cre"), email = "yijun.xie@uwaterloo.ca") as necessary. Flavors: r-devel-linux-x86_64-debian-clang, r-devel-linux-x86_64-debian-gcc

Version: 0.1.1
Check: LazyData
Result: NOTE 'LazyData' is specified without a 'data' directory Flavors: r-oldrel-macos-arm64, r-oldrel-macos-x86_64, r-oldrel-windows-x86_64