CRAN Package Check Results for Package SAMUR

Last updated on 2025-07-16 23:49:27 CEST.

Flavor Version Tinstall Tcheck Ttotal Status Flags
r-devel-linux-x86_64-debian-clang 1.1 1.96 21.08 23.04 NOTE
r-devel-linux-x86_64-debian-gcc 1.1 1.54 17.68 19.22 NOTE
r-devel-linux-x86_64-fedora-clang 1.1 35.76 OK
r-devel-linux-x86_64-fedora-gcc 1.1 34.05 OK
r-devel-windows-x86_64 1.1 3.00 47.00 50.00 OK
r-patched-linux-x86_64 1.1 1.71 19.98 21.69 OK
r-release-linux-x86_64 1.1 1.76 19.80 21.56 OK
r-release-macos-arm64 1.1 17.00 OK
r-release-macos-x86_64 1.1 27.00 OK
r-release-windows-x86_64 1.1 2.00 47.00 49.00 OK
r-oldrel-macos-arm64 1.1 15.00 OK
r-oldrel-macos-x86_64 1.1 26.00 OK
r-oldrel-windows-x86_64 1.1 3.00 50.00 53.00 OK

Check Details

Version: 1.1
Check: CRAN incoming feasibility
Result: NOTE Maintainer: ‘Alireza S. Mahani <alireza.s.mahani@gmail.com>’ No Authors@R field in DESCRIPTION. Please add one, modifying Authors@R: c(person(given = c("Mansour", "T.A."), family = "Sharabiani", role = "aut"), person(given = c("Alireza", "S."), family = "Mahani", role = c("aut", "cre"), email = "alireza.s.mahani@gmail.com")) as necessary. Flavors: r-devel-linux-x86_64-debian-clang, r-devel-linux-x86_64-debian-gcc